000
CDUS45 KTFX 250808
CLIBZN


CLIMATE REPORT
NATIONAL WEATHER SERVICE GREAT FALLS MT
207 AM MDT FRI MAY 25 2018


...................................

...THE BOZEMAN/GALLATIN FIELD MT CLIMATE SUMMARY FOR MAY 24 2018...

CLIMATE NORMAL PERIOD 1981 TO 2010
CLIMATE RECORD PERIOD 1935 TO 2018


WEATHER ITEM   OBSERVED TIME   RECORD YEAR NORMAL DEPARTURE LAST
                VALUE   (LST)  VALUE       VALUE  FROM      YEAR
                                                  NORMAL
..................................................................
TEMPERATURE (F)
 YESTERDAY
  MAXIMUM         76    402 PM  87    1988  71      5       76
  MINIMUM         45    441 AM  28    1989  41      4       37
  AVERAGE         61                        56      5       57

PRECIPITATION (IN)
  YESTERDAY        0.00          0.99 1997   0.09  -0.09     0.00
  MONTH TO DATE    1.40                      1.79  -0.39     1.67
  SINCE OCT 1     10.28                      7.62   2.66     8.83
  SINCE JAN 1      7.30                      5.24   2.06     5.50

SNOWFALL (IN)
  YESTERDAY        0.0           T    1975   0.1   -0.1      0.0
  MONTH TO DATE    0.0                       2.2   -2.2      1.0
  SINCE MAR 1     15.3                      17.4   -2.1      5.3
  SINCE JUL 1     67.6                      39.7   27.9     44.5
  SNOW DEPTH       0

DEGREE DAYS
 HEATING
  YESTERDAY        4                         9     -5        8
  MONTH TO DATE  264                       297    -33      337
  SINCE MAR 1   2034                      1778    256     1705
  SINCE JUL 1   8354                      7358    996     7898

 COOLING
  YESTERDAY        0                         0      0        0
  MONTH TO DATE    0                         0      0        0
  SINCE MAR 1      0                         0      0        0
  SINCE JAN 1      0                         0      0        0
..................................................................


WIND (MPH)
  HIGHEST WIND SPEED    21   HIGHEST WIND DIRECTION    SW (230)
  HIGHEST GUST SPEED    28   HIGHEST GUST DIRECTION    SW (230)
  AVERAGE WIND SPEED     7.8


SKY COVER
  AVERAGE SKY COVER 0.6


WEATHER CONDITIONS
 THE FOLLOWING WEATHER WAS RECORDED YESTERDAY.
  NO SIGNIFICANT WEATHER WAS OBSERVED.


RELATIVE HUMIDITY (PERCENT)
 HIGHEST    93
 LOWEST     33
 AVERAGE    63

..........................................................


THE BOZEMAN/GALLATIN FIELD MT CLIMATE NORMALS FOR TODAY
                         NORMAL    RECORD    YEAR
 MAXIMUM TEMPERATURE (F)   71        86      1988
 MINIMUM TEMPERATURE (F)   42        25      1950


SUNRISE AND SUNSET
MAY 25 2018...........SUNRISE   543 AM MDT   SUNSET   901 PM MDT
MAY 26 2018...........SUNRISE   542 AM MDT   SUNSET   902 PM MDT


-  INDICATES NEGATIVE NUMBERS.
R  INDICATES RECORD WAS SET OR TIED.
MM INDICATES DATA IS MISSING.
T  INDICATES TRACE AMOUNT.




$$
