000
CDUS41 KCAR 270549
CLICAR

CLIMATE REPORT
NATIONAL WEATHER SERVICE CARIBOU, ME
148 AM EDT SUN MAY 27 2018


...................................

...THE CARIBOU ME CLIMATE SUMMARY FOR MAY 26 2018...

CLIMATE NORMAL PERIOD 1981 TO 2010
CLIMATE RECORD PERIOD 1939 TO 2018


WEATHER ITEM   OBSERVED TIME   RECORD YEAR NORMAL DEPARTURE LAST
                VALUE   (LST)  VALUE       VALUE  FROM      YEAR
                                                  NORMAL
..................................................................
TEMPERATURE (F)
 YESTERDAY
  MAXIMUM         67    206 PM  88    1950  66      1       53
  MINIMUM         43   1133 PM  32    1972  44     -1       47
                                      1969
                                      1956
  AVERAGE         55                        55      0       50

PRECIPITATION (IN)
  YESTERDAY        T             1.17 1947   0.11  -0.11     0.32
  MONTH TO DATE    2.32                      2.76  -0.44     4.06
  SINCE MAR 1      9.64                      7.93   1.71    10.64
  SINCE JAN 1     17.14                     12.85   4.29    16.26

SNOWFALL (IN)
  YESTERDAY        0.0           0.0  2002   0.0    0.0      0.0
                                      2001
  MONTH TO DATE    0.0                       0.5   -0.5       T
  SINCE MAR 1     34.9                      26.2    8.7     33.0
  SINCE JUL 1    137.2                     108.7   28.5    129.6
  SNOW DEPTH       0

DEGREE DAYS
 HEATING
  YESTERDAY       10                        10      0       15
  MONTH TO DATE  338                       375    -37      338
  SINCE MAR 1   2324                      2420    -96     2425
  SINCE JUL 1   8527                      9141   -614     8406

 COOLING
  YESTERDAY        0                         0      0        0
  MONTH TO DATE    0                         0      0        6
  SINCE MAR 1      0                         0      0        6
  SINCE JAN 1      0                         0      0        6
..................................................................


WIND (MPH)
  HIGHEST WIND SPEED    23   HIGHEST WIND DIRECTION     N (340)
  HIGHEST GUST SPEED    29   HIGHEST GUST DIRECTION     N (10)
  AVERAGE WIND SPEED     9.3


SKY COVER
  POSSIBLE SUNSHINE  MM
  AVERAGE SKY COVER 0.3


WEATHER CONDITIONS
 THE FOLLOWING WEATHER WAS RECORDED YESTERDAY.
  LIGHT RAIN
  FOG


RELATIVE HUMIDITY (PERCENT)
 HIGHEST    93           100 AM
 LOWEST     26           400 PM
 AVERAGE    60

..........................................................


THE CARIBOU ME CLIMATE NORMALS FOR TODAY
                         NORMAL    RECORD    YEAR
 MAXIMUM TEMPERATURE (F)   66        92      1978
 MINIMUM TEMPERATURE (F)   44        30      1969


SUNRISE AND SUNSET
MAY 27 2018...........SUNRISE   445 AM EDT   SUNSET   814 PM EDT
MAY 28 2018...........SUNRISE   444 AM EDT   SUNSET   815 PM EDT


-  INDICATES NEGATIVE NUMBERS.
R  INDICATES RECORD WAS SET OR TIED.
MM INDICATES DATA IS MISSING.
T  INDICATES TRACE AMOUNT.
..........................................................
4 INCH SOIL TEMPERATURE UNDER SOD
MAXIMUM: 63F
MINIMUM: 57F


$$
