671
CDUS45 KSLC 241229
CLICDC


CLIMATE REPORT
NATIONAL WEATHER SERVICE SALT LAKE CITY UT
628 AM MDT TUE APR 24 2018


...................................

...THE CEDAR CITY UT CLIMATE SUMMARY FOR APRIL 23 2018...

CLIMATE NORMAL PERIOD 1981 TO 2010
CLIMATE RECORD PERIOD 1928 TO 2018


WEATHER ITEM   OBSERVED TIME   RECORD YEAR NORMAL DEPARTURE LAST
                VALUE   (LST)  VALUE       VALUE  FROM      YEAR
                                                  NORMAL
..................................................................
TEMPERATURE (F)
 YESTERDAY
  MAXIMUM         77    335 PM  86    2012  64     13       73
  MINIMUM         42    626 AM  22    1970  34      8       41
  AVERAGE         60                        49     11       57

PRECIPITATION (IN)
  YESTERDAY        0.00          0.46 2007   0.03  -0.03     0.00
  MONTH TO DATE    0.77                      0.85  -0.08     0.80
  SINCE OCT 1      4.35                      7.17  -2.82     7.37
  SINCE JAN 1      3.80                      4.06  -0.26     4.54

DEGREE DAYS
 HEATING
  YESTERDAY        5                        16    -11        8
  MONTH TO DATE  348                       447    -99      397
  SINCE MAR 1   1062                      1219   -157      988
  SINCE JUL 1   5045                      5781   -736     5009

 COOLING
  YESTERDAY        0                         0      0        0
  MONTH TO DATE    0                         0      0        0
  SINCE MAR 1      0                         0      0        0
  SINCE JAN 1      0                         0      0        0
..................................................................


WIND (MPH)
  RESULTANT WIND SPEED   1   RESULTANT WIND DIRECTION  SE (120)
  HIGHEST WIND SPEED    21   HIGHEST WIND DIRECTION    SW (210)
  HIGHEST GUST SPEED    30   HIGHEST GUST DIRECTION    SW (210)
  AVERAGE WIND SPEED     6.2



WEATHER CONDITIONS
 THE FOLLOWING WEATHER WAS RECORDED YESTERDAY.
  NO SIGNIFICANT WEATHER WAS OBSERVED.


RELATIVE HUMIDITY (PERCENT)
 HIGHEST    61          1100 PM
 LOWEST     12           400 PM
 AVERAGE    37

..........................................................


THE CEDAR CITY UT CLIMATE NORMALS FOR TODAY
                         NORMAL    RECORD    YEAR
 MAXIMUM TEMPERATURE (F)   64        81      1977
 MINIMUM TEMPERATURE (F)   34        23      1964


SUNRISE AND SUNSET
APRIL 24 2018.........SUNRISE   645 AM MDT   SUNSET   816 PM MDT
APRIL 25 2018.........SUNRISE   644 AM MDT   SUNSET   817 PM MDT


-  INDICATES NEGATIVE NUMBERS.
R  INDICATES RECORD WAS SET OR TIED.
MM INDICATES DATA IS MISSING.
T  INDICATES TRACE AMOUNT.




$$
