000
CDUS43 KDVN 190930
CLICID


CLIMATE REPORT
NATIONAL WEATHER SERVICE QUAD CITIES IA IL
428 AM CDT THU APR 19 2018


...................................

...THE CEDAR RAPIDS IA CLIMATE SUMMARY FOR APRIL 18 2018...

CLIMATE NORMAL PERIOD 1981 TO 2010
CLIMATE RECORD PERIOD 1891 TO 2018


WEATHER ITEM   OBSERVED TIME   RECORD YEAR NORMAL DEPARTURE LAST
                VALUE   (LST)  VALUE       VALUE  FROM      YEAR
                                                  NORMAL
..................................................................
TEMPERATURE (F)
 YESTERDAY
  MAXIMUM         34    516 PM  90    1994  62    -28       75
  MINIMUM         32   1159 PM  20    1983  39     -7       50
  AVERAGE         33                        50    -17       63

PRECIPITATION (IN)
  YESTERDAY        0.12         MM      MM   0.11   0.01     0.04
  MONTH TO DATE    0.43                      1.68  -1.25     2.49
  SINCE MAR 1      2.33                      3.78  -1.45     4.74
  SINCE JAN 1      4.36                      5.92  -1.56     6.91

DEGREE DAYS
 HEATING
  YESTERDAY       32                        15     17        2
  MONTH TO DATE  552                       329    223      208
  SINCE MAR 1   1465                      1210    255     1064
  SINCE JUL 1   6520                      6493     27     5340

 COOLING
  YESTERDAY        0                         0      0        0
  MONTH TO DATE    0                         0      0        9
  SINCE MAR 1      0                         0      0        9
  SINCE JAN 1      0                         0      0        9
..................................................................


WIND (MPH)
  HIGHEST WIND SPEED    29   HIGHEST WIND DIRECTION     E (110)
  HIGHEST GUST SPEED    39   HIGHEST GUST DIRECTION     E (100)
  AVERAGE WIND SPEED    14.3


SKY COVER
  POSSIBLE SUNSHINE  MM
  AVERAGE SKY COVER 0.9


WEATHER CONDITIONS
 THE FOLLOWING WEATHER WAS RECORDED YESTERDAY.
  LIGHT RAIN
  FREEZING RAIN
  LT FREEZING RAIN
  LIGHT SNOW
  FOG


RELATIVE HUMIDITY (PERCENT)
 HIGHEST    96           100 PM
 LOWEST     64           400 AM
 AVERAGE    80

..........................................................


THE CEDAR RAPIDS IA CLIMATE NORMALS FOR TODAY
                         NORMAL    RECORD    YEAR
 MAXIMUM TEMPERATURE (F)   62        86      1915
 MINIMUM TEMPERATURE (F)   39        20      1988


SUNRISE AND SUNSET
APRIL 19 2018.........SUNRISE   620 AM CDT   SUNSET   752 PM CDT
APRIL 20 2018.........SUNRISE   619 AM CDT   SUNSET   753 PM CDT


-  INDICATES NEGATIVE NUMBERS.
R  INDICATES RECORD WAS SET OR TIED.
MM INDICATES DATA IS MISSING.
T  INDICATES TRACE AMOUNT.




$$
