000
CDUS41 KCLE 270528
CLICLE


CLIMATE REPORT
NATIONAL WEATHER SERVICE CLEVELAND OH
127 AM EDT SUN MAY 27 2018


...................................

...THE CLEVELAND OH CLIMATE SUMMARY FOR MAY 26 2018...

CLIMATE NORMAL PERIOD 1981 TO 2010
CLIMATE RECORD PERIOD 1871 TO 2018


WEATHER ITEM   OBSERVED TIME   RECORD YEAR NORMAL DEPARTURE LAST
                VALUE   (LST)  VALUE       VALUE  FROM      YEAR
                                                  NORMAL
..................................................................
TEMPERATURE (F)
 YESTERDAY
  MAXIMUM         83    259 PM  89    1914  73     10       70
  MINIMUM         62    102 AM  34    1969  53      9       58
  AVERAGE         73                        63     10       64

PRECIPITATION (IN)
  YESTERDAY        0.07                      0.12  -0.05      T
  MONTH TO DATE    5.62                      3.04   2.58     4.44
  SINCE MAR 1     14.01                      9.46   4.55    12.95
  SINCE JAN 1     19.53                     14.52   5.01    20.41

SNOWFALL (IN)
  YESTERDAY        0.0                       0.0    0.0      0.0
  MONTH TO DATE    0.0                       0.1   -0.1      0.0
  SINCE MAR 1     16.0                      16.0    0.0     12.1
  SINCE JUL 1     53.1                      68.2  -15.1     37.3
  SNOW DEPTH       0

DEGREE DAYS
 HEATING
  YESTERDAY        0                         5     -5        1
  MONTH TO DATE   60                       191   -131      195
  SINCE MAR 1   1635                      1485    150     1239
  SINCE JUL 1   5622                      5702    -80     4550

 COOLING
  YESTERDAY        8                         2      6        0
  MONTH TO DATE   57                        36     21       39
  SINCE MAR 1     57                        47     10       70
  SINCE JAN 1     60                        47     13       70
..................................................................


WIND (MPH)
  HIGHEST WIND SPEED    15   HIGHEST WIND DIRECTION     S (160)
  HIGHEST GUST SPEED    18   HIGHEST GUST DIRECTION     S (170)
  AVERAGE WIND SPEED     6.1


SKY COVER
  POSSIBLE SUNSHINE  MM
  AVERAGE SKY COVER 0.7


WEATHER CONDITIONS
 THE FOLLOWING WEATHER WAS RECORDED YESTERDAY.
  THUNDERSTORM
  LIGHT RAIN
  FOG


RELATIVE HUMIDITY (PERCENT)
 HIGHEST    93           700 PM
 LOWEST     58           100 PM
 AVERAGE    76

..........................................................


THE CLEVELAND OH CLIMATE NORMALS FOR TODAY
                         NORMAL    RECORD    YEAR
 MAXIMUM TEMPERATURE (F)   73        90      1967
 MINIMUM TEMPERATURE (F)   54        35      1969


SUNRISE AND SUNSET
MAY 27 2018...........SUNRISE   559 AM EDT   SUNSET   851 PM EDT
MAY 28 2018...........SUNRISE   558 AM EDT   SUNSET   851 PM EDT


-  INDICATES NEGATIVE NUMBERS.
R  INDICATES RECORD WAS SET OR TIED.
MM INDICATES DATA IS MISSING.
T  INDICATES TRACE AMOUNT.




$$
