000
CDUS44 KHGX 250717
CLICLL


CLIMATE REPORT
NATIONAL WEATHER SERVICE HOUSTON/GALVESTON TX
216 AM CDT WED APR 25 2018


...................................

...THE COLLEGE STATION CLIMATE SUMMARY FOR APRIL 24 2018...

CLIMATE NORMAL PERIOD 1981 TO 2010
CLIMATE RECORD PERIOD 1902 TO 2018


WEATHER ITEM   OBSERVED TIME   RECORD YEAR NORMAL DEPARTURE LAST
                VALUE   (LST)  VALUE       VALUE  FROM      YEAR
                                                  NORMAL
..................................................................
TEMPERATURE (F)
 YESTERDAY
  MAXIMUM         84    416 PM  93    2011  81      3       79
                                      1891
  MINIMUM         54    435 AM  39    1887  60     -6       48
  AVERAGE         69                        71     -2       64

PRECIPITATION (IN)
  YESTERDAY        0.00          3.62 1990   0.10  -0.10     0.00
  MONTH TO DATE    1.48                      2.00  -0.52     2.74
  SINCE MAR 1      7.64                      5.17   2.47     4.50
  SINCE JAN 1     10.56                     11.26  -0.70    11.50

SNOWFALL (IN)
  YESTERDAY        0.0
  MONTH TO DATE    0.0
  SINCE JUL 1      5.0

DEGREE DAYS
 HEATING
  YESTERDAY        0                         1     -1        1
  MONTH TO DATE   71                        44     27       12
  SINCE MAR 1    151                       216    -65       78
  SINCE JUL 1   1518                      1603    -85      847

 COOLING
  YESTERDAY        4                         6     -2        0
  MONTH TO DATE   63                       110    -47      131
  SINCE MAR 1    165                       169     -4      272
  SINCE JAN 1    211                       197     14      403
..................................................................


WIND (MPH)
  HIGHEST WIND SPEED    10   HIGHEST WIND DIRECTION     N (360)
  HIGHEST GUST SPEED    12   HIGHEST GUST DIRECTION     N (350)
  AVERAGE WIND SPEED     2.4


SKY COVER
  AVERAGE SKY COVER 0.0


WEATHER CONDITIONS
 THE FOLLOWING WEATHER WAS RECORDED YESTERDAY.
  HAZE


RELATIVE HUMIDITY (PERCENT)
 HIGHEST    93           500 AM
 LOWEST     40           100 PM
 AVERAGE    67

..........................................................


THE COLLEGE STATION CLIMATE NORMALS FOR TODAY
                         NORMAL    RECORD    YEAR
 MAXIMUM TEMPERATURE (F)   81        94      1891
 MINIMUM TEMPERATURE (F)   61        37      1910


SUNRISE AND SUNSET
APRIL 25 2018.........SUNRISE   647 AM CDT   SUNSET   800 PM CDT
APRIL 26 2018.........SUNRISE   646 AM CDT   SUNSET   800 PM CDT


-  INDICATES NEGATIVE NUMBERS.
R  INDICATES RECORD WAS SET OR TIED.
MM INDICATES DATA IS MISSING.
T  INDICATES TRACE AMOUNT.




$$
