000
CDUS42 KGSP 210639 RRA
CLICLT

CLIMATE REPORT
NATIONAL WEATHER SERVICE GREENVILLE-SPARTANBURG SC
237 AM EDT MON MAY 21 2018


...................................

...THE CHARLOTTE NC CLIMATE SUMMARY FOR MAY 20 2018...

CLIMATE NORMAL PERIOD 1981 TO 2010
CLIMATE RECORD PERIOD 1878 TO 2018


WEATHER ITEM   OBSERVED TIME   RECORD YEAR NORMAL DEPARTURE LAST
                VALUE   (LST)  VALUE       VALUE  FROM      YEAR
                                                  NORMAL
..................................................................
TEMPERATURE (F)
 YESTERDAY
  MAXIMUM         86    329 PM  95    1964  80      6       88
  MINIMUM         66   1159 PM  40    2002  57      9       67
  AVERAGE         76                        68      8       78

PRECIPITATION (IN)
  YESTERDAY        0.11          3.81 1909   0.10   0.01     0.00
  MONTH TO DATE    1.50                      1.97  -0.47     1.62
  SINCE MAR 1     10.74                      9.02   1.72     9.87
  SINCE JAN 1     16.34                     15.75   0.59    16.78

SNOWFALL (IN)
  YESTERDAY        0.0           0.0    MM   0.0    0.0      0.0
  MONTH TO DATE    0.0                       0.0    0.0      0.0
  SINCE MAR 1      0.2                       0.6   -0.4      1.1
  SINCE JUL 1      4.2                       4.3   -0.1      2.2
  SNOW DEPTH       0

DEGREE DAYS
 HEATING
  YESTERDAY        0                         1     -1        0
  MONTH TO DATE    0                        44    -44       26
  SINCE MAR 1    683                       677      6      494
  SINCE JUL 1   2975                      3376   -401     2392

 COOLING
  YESTERDAY       11                         5      6       13
  MONTH TO DATE  154                        61     93       91
  SINCE MAR 1    170                        98     72      216
  SINCE JAN 1    201                        98    103      221
..................................................................


WIND (MPH)
  HIGHEST WIND SPEED    21   HIGHEST WIND DIRECTION     N (340)
  HIGHEST GUST SPEED    26   HIGHEST GUST DIRECTION    NW (330)
  AVERAGE WIND SPEED     5.9


SKY COVER
  POSSIBLE SUNSHINE  MM
  AVERAGE SKY COVER 0.8


WEATHER CONDITIONS
 THE FOLLOWING WEATHER WAS RECORDED YESTERDAY.
  THUNDERSTORM
  RAIN
  LIGHT RAIN
  FOG


RELATIVE HUMIDITY (PERCENT)
 HIGHEST   100           300 AM
 LOWEST     61           400 PM
 AVERAGE    81

..........................................................


THE CHARLOTTE NC CLIMATE NORMALS FOR TODAY
                         NORMAL    RECORD    YEAR
 MAXIMUM TEMPERATURE (F)   80        97      1941
 MINIMUM TEMPERATURE (F)   57        41      1894


SUNRISE AND SUNSET
MAY 21 2018...........SUNRISE   616 AM EDT   SUNSET   826 PM EDT
MAY 22 2018...........SUNRISE   615 AM EDT   SUNSET   826 PM EDT


-  INDICATES NEGATIVE NUMBERS.
R  INDICATES RECORD WAS SET OR TIED.
MM INDICATES DATA IS MISSING.
T  INDICATES TRACE AMOUNT.




$$
JPT
