000
CDUS41 KILN 240542
CLICMH


CLIMATE REPORT
NATIONAL WEATHER SERVICE WILMINGTON OH
141 AM EDT TUE APR 24 2018


...................................

...THE COLUMBUS OH CLIMATE SUMMARY FOR APRIL 23 2018...

CLIMATE NORMAL PERIOD 1981 TO 2010
CLIMATE RECORD PERIOD 1869 TO 2018


WEATHER ITEM   OBSERVED TIME   RECORD YEAR NORMAL DEPARTURE LAST
                VALUE   (LST)  VALUE       VALUE  FROM      YEAR
                                                  NORMAL
..................................................................
TEMPERATURE (F)
 YESTERDAY
  MAXIMUM         70   1144 AM  88    1960  66      4       71
  MINIMUM         50   1230 AM  23    1986  45      5       37
  AVERAGE         60                        56      4       54

PRECIPITATION (IN)
  YESTERDAY        0.14          1.64 1882   0.12   0.02     0.00
  MONTH TO DATE    4.96                      2.61   2.35     1.54
  SINCE MAR 1      7.92                      5.63   2.29     6.93
  SINCE JAN 1     15.56                     10.61   4.95    12.39

SNOWFALL (IN)
  YESTERDAY        0.0           0.2  2005   0.1   -0.1      0.0
  MONTH TO DATE    2.9                       1.1    1.8       T
  SINCE MAR 1      6.1                       5.3    0.8      1.7
  SINCE JUL 1     30.7                      26.7    4.0      9.3
  SNOW DEPTH       0

DEGREE DAYS
 HEATING
  YESTERDAY        5                        10     -5       11
  MONTH TO DATE  434                       310    124      181
  SINCE MAR 1   1247                      1026    221      854
  SINCE JUL 1   5094                      5021     73     4123

 COOLING
  YESTERDAY        0                         1     -1        0
  MONTH TO DATE    9                         5      4       29
  SINCE MAR 1      9                         5      4       31
  SINCE JAN 1     13                         5      8       35
..................................................................


WIND (MPH)
  RESULTANT WIND SPEED  10   RESULTANT WIND DIRECTION  SE (120)
  HIGHEST WIND SPEED    22   HIGHEST WIND DIRECTION    SE (130)
  HIGHEST GUST SPEED    29   HIGHEST GUST DIRECTION    SE (120)
  AVERAGE WIND SPEED    12.0


SKY COVER
  POSSIBLE SUNSHINE  MM
  AVERAGE SKY COVER 0.9


WEATHER CONDITIONS
 THE FOLLOWING WEATHER WAS RECORDED YESTERDAY.
  RAIN
  LIGHT RAIN


RELATIVE HUMIDITY (PERCENT)
 HIGHEST    77           900 PM
 LOWEST     37          1200 PM
 AVERAGE    57

..........................................................


THE COLUMBUS OH CLIMATE NORMALS FOR TODAY
                         NORMAL    RECORD    YEAR
 MAXIMUM TEMPERATURE (F)   67        88      1960
 MINIMUM TEMPERATURE (F)   45        28      2015
                                             1930


SUNRISE AND SUNSET
APRIL 24 2018.........SUNRISE   641 AM EDT   SUNSET   819 PM EDT
APRIL 25 2018.........SUNRISE   639 AM EDT   SUNSET   820 PM EDT


-  INDICATES NEGATIVE NUMBERS.
R  INDICATES RECORD WAS SET OR TIED.
MM INDICATES DATA IS MISSING.
T  INDICATES TRACE AMOUNT.




$$
