000
CDUS41 KGYX 250810
CLICON


CLIMATE REPORT
NATIONAL WEATHER SERVICE GRAY ME
408 AM EDT WED APR 25 2018


...................................

...THE CONCORD NH CLIMATE SUMMARY FOR APRIL 24 2018...

CLIMATE NORMAL PERIOD 1981 TO 2010
CLIMATE RECORD PERIOD 1868 TO 2018


WEATHER ITEM   OBSERVED TIME   RECORD YEAR NORMAL DEPARTURE LAST
                VALUE   (LST)  VALUE       VALUE  FROM      YEAR
                                                  NORMAL
..................................................................
TEMPERATURE (F)
 YESTERDAY
  MAXIMUM         73    332 PM  88    2001  62     11       77
  MINIMUM         30    534 AM  21    1971  35     -5       33
  AVERAGE         52                        48      4       55

PRECIPITATION (IN)
  YESTERDAY        0.00          1.55 1983   0.11  -0.11     0.00
  MONTH TO DATE    3.15                      2.72   0.43     3.30
  SINCE MAR 1      5.73                      5.99  -0.26     7.28
  SINCE JAN 1     12.49                     11.31   1.18    12.23

SNOWFALL (IN)
  YESTERDAY        0.0           4.5  1928   0.1   -0.1      0.0
  MONTH TO DATE    1.7                       2.7   -1.0      6.9
  SINCE MAR 1     30.4                      13.8   16.6     29.3
  SINCE JUL 1     87.9                      61.3   26.6     86.3
  SNOW DEPTH       0

DEGREE DAYS
 HEATING
  YESTERDAY       13                        17     -4       10
  MONTH TO DATE  610                       508    102      420
  SINCE MAR 1   1579                      1495     84     1524
  SINCE JUL 1   6376                      6755   -379     6022

 COOLING
  YESTERDAY        0                         0      0        0
  MONTH TO DATE    0                         0      0        2
  SINCE MAR 1      0                         0      0        2
  SINCE JAN 1      0                         0      0        2
..................................................................


WIND (MPH)
  RESULTANT WIND SPEED   6   RESULTANT WIND DIRECTION   S (200)
  HIGHEST WIND SPEED    18   HIGHEST WIND DIRECTION     S (170)
  HIGHEST GUST SPEED    26   HIGHEST GUST DIRECTION     S (170)
  AVERAGE WIND SPEED     6.6


SKY COVER
  AVERAGE SKY COVER 0.0


WEATHER CONDITIONS
 THE FOLLOWING WEATHER WAS RECORDED YESTERDAY.
  NO SIGNIFICANT WEATHER WAS OBSERVED.


RELATIVE HUMIDITY (PERCENT)
 HIGHEST    75           500 AM
 LOWEST     13           300 PM
 AVERAGE    44

..........................................................


THE CONCORD NH CLIMATE NORMALS FOR TODAY
                         NORMAL    RECORD    YEAR
 MAXIMUM TEMPERATURE (F)   62        90      2009
 MINIMUM TEMPERATURE (F)   36        18      1965


SUNRISE AND SUNSET
APRIL 25 2018.........SUNRISE   548 AM EDT   SUNSET   740 PM EDT
APRIL 26 2018.........SUNRISE   547 AM EDT   SUNSET   742 PM EDT


-  INDICATES NEGATIVE NUMBERS.
R  INDICATES RECORD WAS SET OR TIED.
MM INDICATES DATA IS MISSING.
T  INDICATES TRACE AMOUNT.




$$
