000
CDUS42 KILM 232046
CLICRE


CLIMATE REPORT
NATIONAL WEATHER SERVICE WILMINGTON NC
446 PM EDT MON APR 23 2018


...................................

...THE N.MYRTLE BEACH SOUTH CAROLINA CLIMATE SUMMARY FOR APRIL 23 2018...
VALID TODAY AS OF 0400 PM LOCAL TIME.

CLIMATE NORMAL PERIOD 1981 TO 2010
CLIMATE RECORD PERIOD 1949 TO 2018


WEATHER ITEM   OBSERVED TIME   RECORD YEAR NORMAL DEPARTURE LAST
                VALUE   (LST)  VALUE       VALUE  FROM      YEAR
                                                  NORMAL
..................................................................
TEMPERATURE (F)
 TODAY
  MAXIMUM         66    840 AM  85    1950  73     -7       72
  MINIMUM         62    556 AM  35    1993  54      8       63
  AVERAGE         64                        64      0       68

PRECIPITATION (IN)
  TODAY            0.33          0.38 2008   0.10   0.23     0.06
  MONTH TO DATE    2.90                      2.34   0.56     2.31
  SINCE MAR 1      4.90                      6.26  -1.36     4.25
  SINCE JAN 1     10.61                     13.37  -2.76     7.78

SNOWFALL (IN)
  TODAY           MM
  MONTH TO DATE   MM
  SINCE MAR 1     MM
  SINCE JUL 1     MM
  SNOW DEPTH      MM

DEGREE DAYS
 HEATING
  TODAY            1                         3     -2        0
  MONTH TO DATE  159                       123     36       47
  SINCE MAR 1    555                       461     94      391
  SINCE JUL 1   2319                      2405    -86     1795

 COOLING
  TODAY            0                         2     -2        3
  MONTH TO DATE   17                        23     -6       54
  SINCE MAR 1     17                        26     -9       66
  SINCE JAN 1     37                        26     11       67
..................................................................


WIND (MPH)
  RESULTANT WIND SPEED  13   RESULTANT WIND DIRECTION   E (90)
  HIGHEST WIND SPEED    21   HIGHEST WIND DIRECTION     E (90)
  HIGHEST GUST SPEED    30   HIGHEST GUST DIRECTION     E (100)
  AVERAGE WIND SPEED    13.5


SKY COVER
  POSSIBLE SUNSHINE  MM
  AVERAGE SKY COVER 0.7


WEATHER CONDITIONS
 THE FOLLOWING WEATHER WAS RECORDED TODAY.
  HEAVY RAIN
  RAIN
  LIGHT RAIN
  FOG


RELATIVE HUMIDITY (PERCENT)
 HIGHEST    93           200 PM
 LOWEST     67           200 AM
 AVERAGE    80

..........................................................


THE N.MYRTLE BEACH SOUTH CAROLINA CLIMATE NORMALS FOR TOMORROW
                         NORMAL    RECORD    YEAR
 MAXIMUM TEMPERATURE (F)   74        86      1950
 MINIMUM TEMPERATURE (F)   54        35      1993


SUNRISE AND SUNSET
APRIL 23 2018.........SUNRISE   635 AM EDT   SUNSET   752 PM EDT
APRIL 24 2018.........SUNRISE   634 AM EDT   SUNSET   753 PM EDT


-  INDICATES NEGATIVE NUMBERS.
R  INDICATES RECORD WAS SET OR TIED.
MM INDICATES DATA IS MISSING.
T  INDICATES TRACE AMOUNT.




$$
