540
CDUS44 KCRP 220822
CLICRP

CLIMATE REPORT
NATIONAL WEATHER SERVICE CORPUS CHRISTI TX
322 AM CDT SUN APR 22 2018


...................................

...THE CORPUS CHRISTI CLIMATE SUMMARY FOR APRIL 21 2018...

CLIMATE NORMAL PERIOD 1981 TO 2010
CLIMATE RECORD PERIOD 1887 TO 2018


WEATHER ITEM   OBSERVED TIME   RECORD YEAR NORMAL DEPARTURE LAST
                VALUE   (LST)  VALUE       VALUE  FROM      YEAR
                                                  NORMAL
..................................................................
TEMPERATURE (F)
 YESTERDAY
  MAXIMUM         82   1107 AM  95    2009  83     -1       86
  MINIMUM         68    328 AM  51    1980  64      4       70
  AVERAGE         75                        74      1       78

PRECIPITATION (IN)
  YESTERDAY        0.02          2.22 1946   0.06  -0.04     0.00
  MONTH TO DATE    0.12                      1.22  -1.10     1.91
  SINCE MAR 1      2.13                      3.11  -0.98     6.90
  SINCE JAN 1      3.86                      6.58  -2.72     9.74

SNOWFALL (IN)
  YESTERDAY        0.0
  MONTH TO DATE    0.0
  SINCE MAR 1      0.0
  SINCE JUL 1      1.0
  SNOW DEPTH       0

DEGREE DAYS
 HEATING
  YESTERDAY        0                         0      0        0
  MONTH TO DATE   17                        15      2        0
  SINCE MAR 1     42                        96    -54       16
  SINCE JUL 1    871                       896    -25      368

 COOLING
  YESTERDAY       10                         9      1       13
  MONTH TO DATE  135                       151    -16      204
  SINCE MAR 1    340                       266     74      407
  SINCE JAN 1    462                       342    120      676
..................................................................


WIND (MPH)
  HIGHEST WIND SPEED    30   HIGHEST WIND DIRECTION    SE (150)
  HIGHEST GUST SPEED    35   HIGHEST GUST DIRECTION     S (160)
  AVERAGE WIND SPEED    15.8


SKY COVER
  POSSIBLE SUNSHINE  MM
  AVERAGE SKY COVER 0.9


WEATHER CONDITIONS
 THE FOLLOWING WEATHER WAS RECORDED YESTERDAY.
  THUNDERSTORM
  LIGHT RAIN
  FOG


RELATIVE HUMIDITY (PERCENT)
 HIGHEST   100           600 AM
 LOWEST     74          1100 AM
 AVERAGE    87

..........................................................


THE CORPUS CHRISTI CLIMATE NORMALS FOR TODAY
                         NORMAL    RECORD    YEAR
 MAXIMUM TEMPERATURE (F)   83        96      2009
 MINIMUM TEMPERATURE (F)   65        49      1998


SUNRISE AND SUNSET
APRIL 22 2018.........SUNRISE   658 AM CDT   SUNSET   759 PM CDT
APRIL 23 2018.........SUNRISE   657 AM CDT   SUNSET   800 PM CDT


-  INDICATES NEGATIVE NUMBERS.
R  INDICATES RECORD WAS SET OR TIED.
MM INDICATES DATA IS MISSING.
T  INDICATES TRACE AMOUNT.




$$
