000
CDUS41 KILN 260543
CLICVG


CLIMATE REPORT
NATIONAL WEATHER SERVICE WILMINGTON OH
143 AM EDT THU APR 26 2018


...................................

...THE CINCINNATI OH CLIMATE SUMMARY FOR APRIL 25 2018...

CLIMATE NORMAL PERIOD 1981 TO 2010
CLIMATE RECORD PERIOD 1869 TO 2018


WEATHER ITEM   OBSERVED TIME   RECORD YEAR NORMAL DEPARTURE LAST
                VALUE   (LST)  VALUE       VALUE  FROM      YEAR
                                                  NORMAL
..................................................................
TEMPERATURE (F)
 YESTERDAY
  MAXIMUM         66    451 PM  87    1954  68     -2       75
  MINIMUM         51   1159 PM  26    1919  47      4       53
  AVERAGE         59                        57      2       64

PRECIPITATION (IN)
  YESTERDAY        T             1.44 1880   0.13  -0.13     0.00
  MONTH TO DATE    3.92                      3.20   0.72     2.52
  SINCE MAR 1      7.78                      7.16   0.62     7.33
  SINCE JAN 1     17.79                     12.97   4.82    14.55

SNOWFALL (IN)
  YESTERDAY        0.0           0.0    MM   0.0    0.0      0.0
  MONTH TO DATE    2.5                       0.5    2.0      0.0
  SINCE MAR 1     12.2                       3.5    8.7      2.0
  SINCE JUL 1     23.8                      22.1    1.7     10.0
  SNOW DEPTH       0

DEGREE DAYS
 HEATING
  YESTERDAY        6                         8     -2        1
  MONTH TO DATE  420                       303    117      159
  SINCE MAR 1   1191                       969    222      782
  SINCE JUL 1   4878                      4796     82     3862

 COOLING
  YESTERDAY        0                         1     -1        0
  MONTH TO DATE    7                        13     -6       33
  SINCE MAR 1      7                        13     -6       34
  SINCE JAN 1     12                        13     -1       34
..................................................................


WIND (MPH)
  RESULTANT WIND SPEED   9   RESULTANT WIND DIRECTION  NW (330)
  HIGHEST WIND SPEED    18   HIGHEST WIND DIRECTION     N (340)
  HIGHEST GUST SPEED    23   HIGHEST GUST DIRECTION     N (360)
  AVERAGE WIND SPEED     9.8


SKY COVER
  POSSIBLE SUNSHINE  MM
  AVERAGE SKY COVER 0.9


WEATHER CONDITIONS
 THE FOLLOWING WEATHER WAS RECORDED YESTERDAY.
  LIGHT RAIN
  FOG


RELATIVE HUMIDITY (PERCENT)
 HIGHEST    93          1200 AM
 LOWEST     45           400 PM
 AVERAGE    69

..........................................................


THE CINCINNATI OH CLIMATE NORMALS FOR TODAY
                         NORMAL    RECORD    YEAR
 MAXIMUM TEMPERATURE (F)   68        89      1915
 MINIMUM TEMPERATURE (F)   47        29      1919


SUNRISE AND SUNSET
APRIL 26 2018.........SUNRISE   647 AM EDT   SUNSET   827 PM EDT
APRIL 27 2018.........SUNRISE   646 AM EDT   SUNSET   828 PM EDT


-  INDICATES NEGATIVE NUMBERS.
R  INDICATES RECORD WAS SET OR TIED.
MM INDICATES DATA IS MISSING.
T  INDICATES TRACE AMOUNT.




$$
