000
CDUS43 KUNR 230852
CLID07


CLIMATE REPORT
NATIONAL WEATHER SERVICE RAPID CITY SD
248 AM MDT WED MAY 23 2018


...................................

...THE FAITH SD CLIMATE SUMMARY FOR MAY 22 2018...

CLIMATE NORMAL PERIOD 1981 TO 2010
CLIMATE RECORD PERIOD 9999 TO 9999


WEATHER ITEM   OBSERVED TIME   NORMAL DEPARTURE LAST
                VALUE   (LST)  VALUE  FROM      YEAR
                                      NORMAL
......................................................
TEMPERATURE (F)
 YESTERDAY
  MAXIMUM         80    213 PM  68     12       64
  MINIMUM         51    445 AM  45      6       45
  AVERAGE         66            57      9       55

PRECIPITATION (IN)
  YESTERDAY        0.00          0.10  -0.10     0.05
  MONTH TO DATE    1.68          2.15  -0.47     1.17
  SINCE MAR 1      4.60          4.76  -0.16     3.22
  SINCE JAN 1      5.70          5.38   0.32     4.24

DEGREE DAYS
 HEATING
  YESTERDAY        0             9     -9       10
  MONTH TO DATE  155           253    -98      205
  SINCE MAR 1   2163          1864    299     1678
  SINCE JUL 1   8115          7552    563     7029

 COOLING
  YESTERDAY        1             0      1        0
  MONTH TO DATE   13             0     13       12
  SINCE MAR 1     13             1     12       12
  SINCE JAN 1     13             1     12       12
......................................................


WIND (MPH)
  HIGHEST WIND SPEED    17   HIGHEST WIND DIRECTION    SE (130)
  HIGHEST GUST SPEED    21   HIGHEST GUST DIRECTION    SE (130)
  AVERAGE WIND SPEED     9.0




RELATIVE HUMIDITY (PERCENT)
 HIGHEST   100           500 AM
 LOWEST     48          1200 PM
 AVERAGE    74

..........................................................




SUNRISE AND SUNSET
MAY 23 2018...........SUNRISE   511 AM MDT   SUNSET   819 PM MDT
MAY 24 2018...........SUNRISE   510 AM MDT   SUNSET   820 PM MDT


-  INDICATES NEGATIVE NUMBERS.
R  INDICATES RECORD WAS SET OR TIED.
MM INDICATES DATA IS MISSING.
T  INDICATES TRACE AMOUNT.




$$
