000
CDUS41 KILN 230535
CLIDAY


CLIMATE REPORT
NATIONAL WEATHER SERVICE WILMINGTON OH
135 AM EDT MON APR 23 2018


...................................

...THE DAYTON OH CLIMATE SUMMARY FOR APRIL 22 2018...

CLIMATE NORMAL PERIOD 1981 TO 2010
CLIMATE RECORD PERIOD 1869 TO 2018


WEATHER ITEM   OBSERVED TIME   RECORD YEAR NORMAL DEPARTURE LAST
                VALUE   (LST)  VALUE       VALUE  FROM      YEAR
                                                  NORMAL
..................................................................
TEMPERATURE (F)
 YESTERDAY
  MAXIMUM         67    319 PM  86    1985  64      3       56
  MINIMUM         42    436 AM  28    1986  44     -2       39
                                      1907
  AVERAGE         55                        54      1       48

PRECIPITATION (IN)
  YESTERDAY        0.00          1.31 2005   0.14  -0.14     0.06
  MONTH TO DATE    4.47                      2.96   1.51     2.22
  SINCE MAR 1      8.03                      6.30   1.73     7.17
  SINCE JAN 1     16.34                     11.25   5.09    12.11

SNOWFALL (IN)
  YESTERDAY        0.0           0.0    MM   0.0    0.0      0.0
  MONTH TO DATE    3.4                       0.6    2.8       T
  SINCE MAR 1      9.2                       4.0    5.2      1.3
  SINCE JUL 1     26.7                      23.3    3.4      8.5
  SNOW DEPTH       0

DEGREE DAYS
 HEATING
  YESTERDAY       10                        12     -2       17
  MONTH TO DATE  466                       331    135      193
  SINCE MAR 1   1336                      1095    241      924
  SINCE JUL 1   5444                      5370     74     4354

 COOLING
  YESTERDAY        0                         1     -1        0
  MONTH TO DATE    7                         2      5       26
  SINCE MAR 1      7                         2      5       28
  SINCE JAN 1     10                         2      8       28
..................................................................


WIND (MPH)
  RESULTANT WIND SPEED   8   RESULTANT WIND DIRECTION  NE (60)
  HIGHEST WIND SPEED    17   HIGHEST WIND DIRECTION     E (70)
  HIGHEST GUST SPEED    19   HIGHEST GUST DIRECTION     E (80)
  AVERAGE WIND SPEED     8.6



WEATHER CONDITIONS
 THE FOLLOWING WEATHER WAS RECORDED YESTERDAY.
  NO SIGNIFICANT WEATHER WAS OBSERVED.


RELATIVE HUMIDITY (PERCENT)
 HIGHEST    62           700 AM
 LOWEST     22           200 PM
 AVERAGE    42

..........................................................


THE DAYTON OH CLIMATE NORMALS FOR TODAY
                         NORMAL    RECORD    YEAR
 MAXIMUM TEMPERATURE (F)   65        86      1960
                                             1925
 MINIMUM TEMPERATURE (F)   44        26      1986


SUNRISE AND SUNSET
APRIL 23 2018.........SUNRISE   648 AM EDT   SUNSET   823 PM EDT
APRIL 24 2018.........SUNRISE   646 AM EDT   SUNSET   824 PM EDT


-  INDICATES NEGATIVE NUMBERS.
R  INDICATES RECORD WAS SET OR TIED.
MM INDICATES DATA IS MISSING.
T  INDICATES TRACE AMOUNT.




$$
