000
CDUS44 KTAE 230634
CLIDHN


CLIMATE REPORT
NATIONAL WEATHER SERVICE TALLAHASSEE FL
234 AM EDT WED MAY 23 2018


...................................

...THE DOTHAN CLIMATE SUMMARY FOR MAY 22 2018...

CLIMATE NORMAL PERIOD 1981 TO 2010
CLIMATE RECORD PERIOD 1965 TO 2018


WEATHER ITEM   OBSERVED TIME   NORMAL DEPARTURE LAST
                VALUE   (LST)  VALUE  FROM      YEAR
                                      NORMAL
......................................................
TEMPERATURE (F)
 YESTERDAY
  MAXIMUM         86    117 PM  87     -1       86
  MINIMUM         69    252 PM  65      4       70
  AVERAGE         78            76      2       78

PRECIPITATION (IN)
  YESTERDAY        1.46          0.11   1.35      T
  MONTH TO DATE    5.90          2.06   3.84     3.99
  SINCE MAR 1     14.00         11.46   2.54     7.10
  SINCE JAN 1     24.43         20.86   3.57    26.69

SNOWFALL (IN)
  YESTERDAY        0.0

DEGREE DAYS
 COOLING
  YESTERDAY       13            11      2       13
  MONTH TO DATE  265           186     79      186
  SINCE MAR 1    363           297     66      455
  SINCE JAN 1    441           307    134      493
......................................................


WIND (MPH)
  HIGHEST WIND SPEED    30   HIGHEST WIND DIRECTION    SW (220)
  HIGHEST GUST SPEED    36   HIGHEST GUST DIRECTION    SW (230)
  AVERAGE WIND SPEED     7.5








-  INDICATES NEGATIVE NUMBERS.
R  INDICATES RECORD WAS SET OR TIED.
MM INDICATES DATA IS MISSING.
T  INDICATES TRACE AMOUNT.




$$
