000
CDUS44 KAMA 251408
CLIDHT


CLIMATE REPORT
NATIONAL WEATHER SERVICE AMARILLO TX
907 AM CDT WED APR 25 2018


...................................

...THE DALHART CLIMATE SUMMARY FOR APRIL 25 2018...
VALID AS OF 0900 AM LOCAL TIME.

CLIMATE NORMAL PERIOD 1981 TO 2010
CLIMATE RECORD PERIOD 1948 TO 2018


WEATHER ITEM   OBSERVED TIME   RECORD YEAR NORMAL DEPARTURE LAST
                VALUE   (LST)  VALUE       VALUE  FROM      YEAR
                                                  NORMAL
..................................................................
TEMPERATURE (F)
 TODAY
  MINIMUM         35    424 AM  28    1950  41     -6       44

PRECIPITATION (IN)
  TODAY            0.03          1.45 1997   0.04  -0.01     0.16
  MONTH TO DATE    0.73                      0.86  -0.13     1.76
  SINCE MAR 1      0.73                      2.03  -1.30     3.18
  SINCE JAN 1      0.74                      2.95  -2.21     4.26

SNOWFALL (IN)
  TODAY            T             1.5  1997   0.0    0.0      0.0
  MONTH TO DATE    T                         1.1   -1.1      1.0
  SINCE MAR 1      T                         5.3   -5.3      1.0
  SINCE JUL 1      2.3                      18.8  -16.5      2.3
  SNOW DEPTH       0

..................................................................


WIND (MPH)
  RESULTANT WIND SPEED  16   RESULTANT WIND DIRECTION   N (10)
  HIGHEST WIND SPEED    30   HIGHEST WIND DIRECTION     N (10)
  HIGHEST GUST SPEED    36   HIGHEST GUST DIRECTION     N (360)
  AVERAGE WIND SPEED    15.8


SKY COVER
  AVERAGE SKY COVER 1.0


WEATHER CONDITIONS
 THE FOLLOWING WEATHER WAS RECORDED TODAY.
  LIGHT SNOW
  FOG


RELATIVE HUMIDITY (PERCENT)
 HIGHEST   100           300 AM
 LOWEST     79          1200 AM
 AVERAGE    90

..........................................................


THE DALHART CLIMATE NORMALS FOR TOMORROW
                         NORMAL    RECORD    YEAR
 MAXIMUM TEMPERATURE (F)   72        91      1959
 MINIMUM TEMPERATURE (F)   41        30      2006


SUNRISE AND SUNSET
APRIL 25 2018.........SUNRISE   704 AM CDT   SUNSET   832 PM CDT
APRIL 26 2018.........SUNRISE   703 AM CDT   SUNSET   833 PM CDT


-  INDICATES NEGATIVE NUMBERS.
R  INDICATES RECORD WAS SET OR TIED.
MM INDICATES DATA IS MISSING.
T  INDICATES TRACE AMOUNT.




$$
