000
CDUS42 KAKQ 200541
CLIECG


CLIMATE REPORT
NATIONAL WEATHER SERVICE WAKEFIELD, VA
140 AM EDT FRI APR 20 2018


...................................

...THE ELIZABETH CITY NC CLIMATE SUMMARY FOR APRIL 19 2018...

CLIMATE NORMAL PERIOD 1981 TO 2010
CLIMATE RECORD PERIOD 1934 TO 2018


WEATHER ITEM   OBSERVED TIME   RECORD YEAR NORMAL DEPARTURE LAST
                VALUE   (LST)  VALUE       VALUE  FROM      YEAR
                                                  NORMAL
..................................................................
TEMPERATURE (F)
 YESTERDAY
  MAXIMUM         77   1042 AM  92    1941  71      6       72
  MINIMUM         48   1159 PM  32    2001  49     -1       55
  AVERAGE         63                        60      3       64

PRECIPITATION (IN)
  YESTERDAY        0.00          1.08 1943   0.10  -0.10     0.01
  MONTH TO DATE    3.27                      2.05   1.22     0.77
  SINCE MAR 1      7.69                      6.03   1.66     4.56
  SINCE JAN 1     14.33                     12.47   1.86     9.17

SNOWFALL (IN)
  YESTERDAY        0.0           0.0  2002  MM     MM
  MONTH TO DATE    0.0                      MM     MM
  SINCE NOV 1      6.8                      MM     MM
  SINCE JUL 1      6.8                      MM     MM
  SNOW DEPTH       0

DEGREE DAYS
 HEATING
  YESTERDAY        2                         7     -5        1
  MONTH TO DATE  153                       164    -11       76
  SINCE MAR 1    737                       629    108      551
  SINCE JUL 1   3028                      3101    -73     2646

 COOLING
  YESTERDAY        0                         1     -1        0
  MONTH TO DATE   13                        19     -6       39
  SINCE MAR 1     16                        24     -8       46
  SINCE JAN 1     45                        26     19       49
..................................................................


WIND (MPH)
  HIGHEST WIND SPEED    25   HIGHEST WIND DIRECTION     N (360)
  HIGHEST GUST SPEED    33   HIGHEST GUST DIRECTION     N (360)
  AVERAGE WIND SPEED    14.3


SKY COVER
  POSSIBLE SUNSHINE  MM
  AVERAGE SKY COVER 0.3


WEATHER CONDITIONS
 THE FOLLOWING WEATHER WAS RECORDED YESTERDAY.
  NO SIGNIFICANT WEATHER WAS OBSERVED.


RELATIVE HUMIDITY (PERCENT)
 HIGHEST    73          1200 AM
 LOWEST     40           400 PM
 AVERAGE    57

..........................................................


THE ELIZABETH CITY NC CLIMATE NORMALS FOR TODAY
                         NORMAL    RECORD    YEAR
 MAXIMUM TEMPERATURE (F)   71        93      1985
 MINIMUM TEMPERATURE (F)   49        33      1953


SUNRISE AND SUNSET
APRIL 20 2018.........SUNRISE   625 AM EDT   SUNSET   743 PM EDT
APRIL 21 2018.........SUNRISE   624 AM EDT   SUNSET   744 PM EDT


-  INDICATES NEGATIVE NUMBERS.
R  INDICATES RECORD WAS SET OR TIED.
MM INDICATES DATA IS MISSING.
T  INDICATES TRACE AMOUNT.




$$
