057
CDUS45 KLKN 240031
CLIEKO


CLIMATE REPORT
NATIONAL WEATHER SERVICE ELKO NV
531 PM PDT WED MAY 23 2018


...................................

...THE ELKO AIRPORT NV CLIMATE SUMMARY FOR MAY 23 2018...
VALID TODAY AS OF 0500 PM LOCAL TIME.

CLIMATE NORMAL PERIOD 1981 TO 2010
CLIMATE RECORD PERIOD 1888 TO 2018


WEATHER ITEM   OBSERVED TIME   RECORD YEAR NORMAL DEPARTURE LAST
                VALUE   (LST)  VALUE       VALUE  FROM      YEAR
                                                  NORMAL
..................................................................
TEMPERATURE (F)
 TODAY
  MAXIMUM         74    346 PM  89    2001  71      3       82
  MINIMUM         44    451 AM  23    1966  39      5       43
  AVERAGE         59                        55      4       63

PRECIPITATION (IN)
  TODAY            0.01          0.88 2011   0.04  -0.03     0.00
  MONTH TO DATE    1.07                      0.72   0.35     0.56
  SINCE OCT 1      6.73                      7.71  -0.98    12.84
  SINCE JAN 1      5.03                      4.65   0.38     7.21

SNOWFALL (IN)
  TODAY            0.0           0.4  1959   0.0    0.0      0.0
  MONTH TO DATE    T                         0.4   -0.4       T
  SINCE MAR 1     14.3                       8.7    5.6      1.9
  SINCE JUL 1     28.2                      41.2  -13.0     53.3
  SNOW DEPTH       0

DEGREE DAYS
 HEATING
  TODAY            6                        10     -4        2
  MONTH TO DATE  218                       294    -76      239
  SINCE MAR 1   1619                      1697    -78     1462
  SINCE JUL 1   6261                      6865   -604     6198

 COOLING
  TODAY            0                         0      0        0
  MONTH TO DATE    1                         0      1        0
  SINCE MAR 1      1                         0      1        0
  SINCE JAN 1      1                         0      1        0
..................................................................


WIND (MPH)
  HIGHEST WIND SPEED    22   HIGHEST WIND DIRECTION     S (200)
  HIGHEST GUST SPEED    30   HIGHEST GUST DIRECTION     W (250)



WEATHER CONDITIONS
 THE FOLLOWING WEATHER WAS RECORDED TODAY.
  THUNDERSTORM
  LIGHT RAIN


RELATIVE HUMIDITY (PERCENT)
 HIGHEST    93           100 AM
 LOWEST     35          1200 PM
 AVERAGE    64

..........................................................


THE ELKO AIRPORT NV CLIMATE NORMALS FOR TOMORROW
                         NORMAL    RECORD    YEAR
 MAXIMUM TEMPERATURE (F)   72        91      2001
 MINIMUM TEMPERATURE (F)   39        23      1944


SUNRISE AND SUNSET
MAY 23 2018...........SUNRISE   519 AM PDT   SUNSET   801 PM PDT
MAY 24 2018...........SUNRISE   518 AM PDT   SUNSET   802 PM PDT


-  INDICATES NEGATIVE NUMBERS.
R  INDICATES RECORD WAS SET OR TIED.
MM INDICATES DATA IS MISSING.
T  INDICATES TRACE AMOUNT.




$$
