000
CDUS44 KEPZ 261245
CLIELP


CLIMATE REPORT
NATIONAL WEATHER SERVICE EL PASO, TX
645 AM MDT THU APR 26 2018


...................................

...THE EL PASO CLIMATE SUMMARY FOR APRIL 25 2018...

CLIMATE NORMAL PERIOD 1981 TO 2010
CLIMATE RECORD PERIOD 1879 TO 2018


WEATHER ITEM   OBSERVED TIME   RECORD YEAR NORMAL DEPARTURE LAST
                VALUE   (LST)  VALUE       VALUE  FROM      YEAR
                                                  NORMAL
..................................................................
TEMPERATURE (F)
 YESTERDAY
  MAXIMUM         75    514 PM  95    2012  81     -6       85
  MINIMUM         53    541 AM  36    1913  54     -1       68
  AVERAGE         64                        68     -4       77

PRECIPITATION (IN)
  YESTERDAY        0.00          0.47 1941   0.01  -0.01     0.00
  MONTH TO DATE    T                         0.19  -0.19     0.00
  SINCE MAR 1      0.21                      0.45  -0.24      T
  SINCE JAN 1      0.98                      1.31  -0.33     1.21

SNOWFALL (IN)
  YESTERDAY        0.0                                       0.0
  MONTH TO DATE    0.0                                       0.0
  SINCE MAR 1      0.0                                       0.0
  SINCE JUL 1      0.1                                        T
  SNOW DEPTH       0

DEGREE DAYS
 HEATING
  YESTERDAY        1                         2     -1        0
  MONTH TO DATE   11                        86    -75       25
  SINCE MAR 1    148                       356   -208       88
  SINCE JUL 1   1643                      2459   -816     1557

 COOLING
  YESTERDAY        0                         4     -4       12
  MONTH TO DATE  143                        58     85      147
  SINCE MAR 1    180                        68    112      216
  SINCE JAN 1    180                        68    112      219
..................................................................


WIND (MPH)
  HIGHEST WIND SPEED    22   HIGHEST WIND DIRECTION     E (80)
  HIGHEST GUST SPEED    27   HIGHEST GUST DIRECTION     E (90)
  AVERAGE WIND SPEED    10.5


SKY COVER
  POSSIBLE SUNSHINE  MM
  AVERAGE SKY COVER 0.4


WEATHER CONDITIONS
 THE FOLLOWING WEATHER WAS RECORDED YESTERDAY.
  NO SIGNIFICANT WEATHER WAS OBSERVED.


RELATIVE HUMIDITY (PERCENT)
 HIGHEST    55           500 AM
 LOWEST     27          1200 AM
 AVERAGE    41

..........................................................


THE EL PASO CLIMATE NORMALS FOR TODAY
                         NORMAL    RECORD    YEAR
 MAXIMUM TEMPERATURE (F)   82        95      2012
 MINIMUM TEMPERATURE (F)   54        38      1997
                                             1921


SUNRISE AND SUNSET
APRIL 26 2018.........SUNRISE   625 AM MDT   SUNSET   742 PM MDT
APRIL 27 2018.........SUNRISE   624 AM MDT   SUNSET   743 PM MDT


-  INDICATES NEGATIVE NUMBERS.
R  INDICATES RECORD WAS SET OR TIED.
MM INDICATES DATA IS MISSING.
T  INDICATES TRACE AMOUNT.




$$
