000
CDUS41 KCLE 280545
CLIERI


CLIMATE REPORT
NATIONAL WEATHER SERVICE CLEVELAND OH
144 AM EDT MON MAY 28 2018


...................................

...THE ERIE PA CLIMATE SUMMARY FOR MAY 27 2018...

CLIMATE NORMAL PERIOD 1981 TO 2010
CLIMATE RECORD PERIOD 1873 TO 2018


WEATHER ITEM   OBSERVED TIME   RECORD YEAR NORMAL DEPARTURE LAST
                VALUE   (LST)  VALUE       VALUE  FROM      YEAR
                                                  NORMAL
..................................................................
TEMPERATURE (F)
 YESTERDAY
  MAXIMUM         79    525 PM  87    1955  70      9       67
  MINIMUM         66    451 AM  35    1969  52     14       51
  AVERAGE         73                        61     12       59

PRECIPITATION (IN)
  YESTERDAY        T                         0.11  -0.11     0.00
  MONTH TO DATE    4.88                      2.98   1.90     4.58
  SINCE MAR 1     13.14                      9.26   3.88    12.05
  SINCE JAN 1     19.56                     14.60   4.96    19.47

SNOWFALL (IN)
  YESTERDAY        0.0                       0.0    0.0      0.0
  MONTH TO DATE    0.0                       0.0    0.0      0.0
  SINCE MAR 1     42.0                      16.9   25.1     10.3
  SINCE JUL 1    198.5                     100.9   97.6     78.6
  SNOW DEPTH       0

DEGREE DAYS
 HEATING
  YESTERDAY        0                         6     -6        6
  MONTH TO DATE  103                       247   -144      275
  SINCE MAR 1   1826                      1701    125     1551
  SINCE JUL 1   6004                      6066    -62     5055

 COOLING
  YESTERDAY        8                         2      6        0
  MONTH TO DATE   42                        25     17       29
  SINCE MAR 1     42                        32     10       38
  SINCE JAN 1     44                        32     12       38
..................................................................


WIND (MPH)
  HIGHEST WIND SPEED    10   HIGHEST WIND DIRECTION    NW (330)
  HIGHEST GUST SPEED    14   HIGHEST GUST DIRECTION     S (180)
  AVERAGE WIND SPEED     5.5


SKY COVER
  POSSIBLE SUNSHINE  MM
  AVERAGE SKY COVER 0.2


WEATHER CONDITIONS
 THE FOLLOWING WEATHER WAS RECORDED YESTERDAY.
  THUNDERSTORM
  LIGHT RAIN


RELATIVE HUMIDITY (PERCENT)
 HIGHEST    93           300 AM
 LOWEST     69           100 PM
 AVERAGE    81

..........................................................


THE ERIE PA CLIMATE NORMALS FOR TODAY
                         NORMAL    RECORD    YEAR
 MAXIMUM TEMPERATURE (F)   70        90      2016
                                             1911
 MINIMUM TEMPERATURE (F)   52        39      1974
                                             1970
                                             1907


SUNRISE AND SUNSET
MAY 28 2018...........SUNRISE   550 AM EDT   SUNSET   847 PM EDT
MAY 29 2018...........SUNRISE   549 AM EDT   SUNSET   848 PM EDT


-  INDICATES NEGATIVE NUMBERS.
R  INDICATES RECORD WAS SET OR TIED.
MM INDICATES DATA IS MISSING.
T  INDICATES TRACE AMOUNT.




$$
