000
CDUS43 KPAH 260638
CLIEVV


CLIMATE REPORT
NATIONAL WEATHER SERVICE PADUCAH KY
137 AM CDT THU APR 26 2018


...................................

...THE EVANSVILLE IN CLIMATE SUMMARY FOR APRIL 25 2018...

CLIMATE NORMAL PERIOD 1981 TO 2010
CLIMATE RECORD PERIOD 1896 TO 2018


WEATHER ITEM   OBSERVED TIME   RECORD YEAR NORMAL DEPARTURE LAST
                VALUE   (LST)  VALUE       VALUE  FROM      YEAR
                                                  NORMAL
..................................................................
TEMPERATURE (F)
 YESTERDAY
  MAXIMUM         69    304 PM  89    1915  71     -2       78
  MINIMUM         46    459 AM  24    2017  48     -2       52
  AVERAGE         58                        59     -1       65

PRECIPITATION (IN)
  YESTERDAY        0.00          1.38 1975   0.16  -0.16     0.00
  MONTH TO DATE    3.76                      3.56   0.20     3.24
  SINCE MAR 1      8.98                      7.80   1.18     7.09
  SINCE JAN 1     21.19                     14.07   7.12    10.36

SNOWFALL (IN)
  YESTERDAY        0.0           0.0  2002   0.0    0.0      0.0
                                      2001
  MONTH TO DATE    0.3                       0.1    0.2      0.0
  SINCE MAR 1      4.1                       1.1    3.0      1.0
  SINCE JUL 1     12.1                      11.8    0.3      1.4
  SNOW DEPTH       0

DEGREE DAYS
 HEATING
  YESTERDAY        7                         7      0        0
  MONTH TO DATE  395                       259    136      110
  SINCE MAR 1   1042                       851    191      608
  SINCE JUL 1   4428                      4425      3     3307

 COOLING
  YESTERDAY        0                         1     -1        0
  MONTH TO DATE    8                        17     -9       48
  SINCE MAR 1      8                        20    -12       53
  SINCE JAN 1     15                        20     -5       53
..................................................................


WIND (MPH)
  HIGHEST WIND SPEED    15   HIGHEST WIND DIRECTION    NE (40)
  HIGHEST GUST SPEED    20   HIGHEST GUST DIRECTION     N (20)
  AVERAGE WIND SPEED     5.7


SKY COVER
  AVERAGE SKY COVER 0.3


WEATHER CONDITIONS
 THE FOLLOWING WEATHER WAS RECORDED YESTERDAY.
  FOG
  FOG W/VISIBILITY <= 1/4 MILE


RELATIVE HUMIDITY (PERCENT)
 HIGHEST   100
 LOWEST     53
 AVERAGE    77

..........................................................


THE EVANSVILLE IN CLIMATE NORMALS FOR TODAY
                         NORMAL    RECORD    YEAR
 MAXIMUM TEMPERATURE (F)   71        91      1989
 MINIMUM TEMPERATURE (F)   48        34      1947


SUNRISE AND SUNSET
APRIL 26 2018.........SUNRISE   600 AM CDT   SUNSET   736 PM CDT
APRIL 27 2018.........SUNRISE   559 AM CDT   SUNSET   737 PM CDT


-  INDICATES NEGATIVE NUMBERS.
R  INDICATES RECORD WAS SET OR TIED.
MM INDICATES DATA IS MISSING.
T  INDICATES TRACE AMOUNT.




$$
