767
CDUS45 KSLC 210029
CLIEVW


CLIMATE REPORT
NATIONAL WEATHER SERVICE SALT LAKE CITY UT
629 PM MDT FRI APR 20 2018


...................................

...THE EVANSTON WY CLIMATE SUMMARY FOR APRIL 20 2018...
VALID TODAY AS OF 0500 PM LOCAL TIME.

CLIMATE NORMAL PERIOD 1981 TO 2010
CLIMATE RECORD PERIOD 9999 TO 9999


WEATHER ITEM   OBSERVED TIME   RECORD YEAR NORMAL DEPARTURE LAST
                VALUE   (LST)  VALUE       VALUE  FROM      YEAR
                                                  NORMAL
..................................................................
TEMPERATURE (F)
 TODAY
  MAXIMUM         53    302 PM  MM      MM  51      2       49
  MINIMUM         37    653 AM  MM      MM  30      7       31
  AVERAGE         45                        40      5       40

PRECIPITATION (IN)
  TODAY            0.00         MM      MM   0.02  -0.02    MM
  MONTH TO DATE    T                         0.71  -0.71     0.31
  SINCE OCT 1      2.18                      5.51  -3.33     4.92
  SINCE JAN 1      0.64                      2.72  -2.08     3.34

DEGREE DAYS
 HEATING
  TODAY           20                        24     -4       25
  MONTH TO DATE  515                       542    -27      491
  SINCE MAR 1   1464                      1602   -138     1349
  SINCE JUL 1   6630                      7610   -980     6926

 COOLING
  TODAY            0                         0      0        0
  MONTH TO DATE    0                         0      0        0
  SINCE MAR 1      0                         0      0        0
  SINCE JAN 1      0                         0      0        0
..................................................................


WIND (MPH)
  RESULTANT WIND SPEED  10   RESULTANT WIND DIRECTION   E (70)
  HIGHEST WIND SPEED    28   HIGHEST WIND DIRECTION     E (90)
  HIGHEST GUST SPEED    35   HIGHEST GUST DIRECTION     E (80)
  AVERAGE WIND SPEED    12.7


SKY COVER
  POSSIBLE SUNSHINE  MM
  AVERAGE SKY COVER 0.9


WEATHER CONDITIONS
 THE FOLLOWING WEATHER WAS RECORDED TODAY.
  NO SIGNIFICANT WEATHER WAS OBSERVED.


RELATIVE HUMIDITY (PERCENT)
 HIGHEST    85           500 AM
 LOWEST     44           300 PM
 AVERAGE    65

..........................................................


THE EVANSTON WY CLIMATE NORMALS FOR TOMORROW
                         NORMAL    RECORD    YEAR
 MAXIMUM TEMPERATURE (F)   52        MM        MM
 MINIMUM TEMPERATURE (F)   30        MM        MM


SUNRISE AND SUNSET
APRIL 20 2018.........SUNRISE   637 AM MDT   SUNSET   810 PM MDT
APRIL 21 2018.........SUNRISE   635 AM MDT   SUNSET   811 PM MDT


-  INDICATES NEGATIVE NUMBERS.
R  INDICATES RECORD WAS SET OR TIED.
MM INDICATES DATA IS MISSING.
T  INDICATES TRACE AMOUNT.




$$
