000
CDUS42 KMFL 222017
CLIFLL


CLIMATE REPORT
NATIONAL WEATHER SERVICE MIAMI, FL
416 PM EDT TUE MAY 22 2018


...................................

...THE FORT LAUDERDALE CLIMATE SUMMARY FOR MAY 22 2018...
VALID TODAY AS OF 0400 PM LOCAL TIME.

CLIMATE NORMAL PERIOD 1981 TO 2010
CLIMATE RECORD PERIOD 1912 TO 2018


WEATHER ITEM   OBSERVED TIME   RECORD YEAR NORMAL DEPARTURE LAST
                VALUE   (LST)  VALUE       VALUE  FROM      YEAR
                                                  NORMAL
..................................................................
TEMPERATURE (F)
 TODAY
  MAXIMUM         82    259 PM  95    1990  87     -5       87
  MINIMUM         78    627 AM  58    1919  75      3       76
  AVERAGE         80                        81     -1       82

PRECIPITATION (IN)
  TODAY            0.00          5.06 1932   0.19  -0.19     0.00
  MONTH TO DATE   11.43                      2.70   8.73     1.46
  SINCE NOV 1     24.45                     21.24   3.21    14.87
  SINCE JAN 1     17.82                     15.54   2.28    10.24

SNOWFALL (IN)
  TODAY            0.0
  MONTH TO DATE    0.0
  SINCE MAR 1      0.0
  SINCE JUL 1      0.0
  SNOW DEPTH       0

DEGREE DAYS
 HEATING
  TODAY            0                         0      0        0
  MONTH TO DATE    0                         0      0        0
  SINCE MAR 1     15                        10      5        6
  SINCE JUL 1    141                       112     29       35

 COOLING
  TODAY           15                        16     -1       17
  MONTH TO DATE  296                       320    -24      323
  SINCE MAR 1    850                       911    -61      953
  SINCE JAN 1   1274                      1267      7     1409
..................................................................


WIND (MPH)
  HIGHEST WIND SPEED    20   HIGHEST WIND DIRECTION     E (110)
  HIGHEST GUST SPEED    26   HIGHEST GUST DIRECTION    SE (120)
  AVERAGE WIND SPEED    16.4


SKY COVER
  AVERAGE SKY COVER 0.9


WEATHER CONDITIONS
 THE FOLLOWING WEATHER WAS RECORDED TODAY.
  NO SIGNIFICANT WEATHER WAS OBSERVED.


RELATIVE HUMIDITY (PERCENT)
 HIGHEST    91
 LOWEST     79
 AVERAGE    85

..........................................................


THE FORT LAUDERDALE CLIMATE NORMALS FOR TOMORROW
                         NORMAL    RECORD    YEAR
 MAXIMUM TEMPERATURE (F)   87        94      1951
 MINIMUM TEMPERATURE (F)   75        61      1920


SUNRISE AND SUNSET
MAY 22 2018...........SUNRISE   631 AM EDT   SUNSET   804 PM EDT
MAY 23 2018...........SUNRISE   631 AM EDT   SUNSET   804 PM EDT


-  INDICATES NEGATIVE NUMBERS.
R  INDICATES RECORD WAS SET OR TIED.
MM INDICATES DATA IS MISSING.
T  INDICATES TRACE AMOUNT.




$$
