000
CDUS44 KTSA 262132
CLIFSM

CLIMATE REPORT
NATIONAL WEATHER SERVICE TULSA OK
417 PM CDT THU APR 26 2018


...................................

...THE FORT SMITH ARKANSAS CLIMATE SUMMARY FOR APRIL 26 2018...
VALID TODAY AS OF 0400 PM LOCAL TIME.

CLIMATE NORMAL PERIOD 1981 TO 2010
CLIMATE RECORD PERIOD 1882 TO 2018


WEATHER ITEM   OBSERVED TIME   RECORD YEAR NORMAL DEPARTURE LAST
                VALUE   (LST)  VALUE       VALUE  FROM      YEAR
                                                  NORMAL
..................................................................
TEMPERATURE (F)
 TODAY
  MAXIMUM         68    250 PM  90    1896  76     -8       75
  MINIMUM         51    623 AM  33    1910  53     -2       48
  AVERAGE         60                        65     -5       62

PRECIPITATION (IN)
  TODAY            0.00          2.00 2017   0.16  -0.16     2.00
  MONTH TO DATE    3.63                      3.65  -0.02     5.83
  SINCE MAR 1      6.70                      7.50  -0.80     9.58
  SINCE JAN 1     15.96                     13.07   2.89    14.40

SNOWFALL (IN)
  TODAY            0.0                                       0.0
  MONTH TO DATE    0.0                                       0.0
  SINCE MAR 1      0.0                                       0.0
  SINCE JUL 1      T                                         2.0

DEGREE DAYS
 HEATING
  TODAY            5                         3      2        3
  MONTH TO DATE  254                       145    109       55
  SINCE MAR 1    566                       531     35      316
  SINCE JUL 1   3041                      3204   -163     2225

 COOLING
  TODAY            0                         3     -3        0
  MONTH TO DATE    8                        43    -35       74
  SINCE MAR 1     14                        54    -40      108
  SINCE JAN 1     16                        55    -39      124
..................................................................


WIND (MPH)
  HIGHEST WIND SPEED    15   HIGHEST WIND DIRECTION     N (350)
  HIGHEST GUST SPEED    19   HIGHEST GUST DIRECTION     N (360)
  AVERAGE WIND SPEED     9.3


SKY COVER
  POSSIBLE SUNSHINE  MM
  AVERAGE SKY COVER 0.9


WEATHER CONDITIONS
 THE FOLLOWING WEATHER WAS RECORDED TODAY.
  FOG


RELATIVE HUMIDITY (PERCENT)
 HIGHEST    96           100 AM
 LOWEST     56           200 PM
 AVERAGE    76

..........................................................


THE FORT SMITH ARKANSAS CLIMATE NORMALS FOR TOMORROW
                         NORMAL    RECORD    YEAR
 MAXIMUM TEMPERATURE (F)   77        91      1989
 MINIMUM TEMPERATURE (F)   53        36      1992


SUNRISE AND SUNSET
APRIL 26 2018.........SUNRISE   632 AM CDT   SUNSET   759 PM CDT
APRIL 27 2018.........SUNRISE   630 AM CDT   SUNSET   800 PM CDT


-  INDICATES NEGATIVE NUMBERS.
R  INDICATES RECORD WAS SET OR TIED.
MM INDICATES DATA IS MISSING.
T  INDICATES TRACE AMOUNT.




$$

&&
...........................................................

THE ARKANSAS RIVER AT VAN BUREN

                   OBSERVED      24 HOUR     24 HOUR
                    VALUE        CHANGE      FORECAST

 STAGE (FEET)
  THIS AFTERNOON     19.3         +0.0

 MEAN FLOW (CFS)
  TODAY                                        1254
...........................................................
ALL DATA MEASURED AT THE FORT SMITH REGIONAL AIRPORT
