000
CDUS43 KIWX 250526
CLIFWA


CLIMATE REPORT
NATIONAL WEATHER SERVICE NORTHERN INDIANA
126 AM EDT FRI MAY 25 2018


...................................

...THE FORT WAYNE CLIMATE SUMMARY FOR MAY 24 2018...

CLIMATE NORMAL PERIOD 1981 TO 2010
CLIMATE RECORD PERIOD 1897 TO 2018


WEATHER ITEM   OBSERVED TIME   RECORD YEAR NORMAL DEPARTURE LAST
                VALUE   (LST)  VALUE       VALUE  FROM      YEAR
                                                  NORMAL
..................................................................
TEMPERATURE (F)
 YESTERDAY
  MAXIMUM         84    506 PM  91    2007  74     10       69
  MINIMUM         53    600 AM  36    1963  52      1       57
                                      1931
                                      1925
  AVERAGE         69                        63      6       63

PRECIPITATION (IN)
  YESTERDAY        0.00          1.46 1971   0.15  -0.15     1.41
  MONTH TO DATE    2.60                      3.12  -0.52     7.22
  SINCE MAR 1      7.69                      9.35  -1.66    14.98
  SINCE JAN 1     13.31                     13.65  -0.34    21.45

SNOWFALL (IN)
  YESTERDAY        0.0           T    1925   0.0    0.0      0.0
  MONTH TO DATE    0.0                       0.0    0.0      0.0
  SINCE MAR 1      4.5                       5.1   -0.6      3.4
  SINCE JUL 1     32.7                      33.5   -0.8     18.5
  SNOW DEPTH       0

DEGREE DAYS
 HEATING
  YESTERDAY        0                         4     -4        2
  MONTH TO DATE   35                       167   -132      189
  SINCE MAR 1   1541                      1451     90     1278
  SINCE JUL 1   5869                      6049   -180     4972

 COOLING
  YESTERDAY        4                         2      2        0
  MONTH TO DATE   48                        29     19       35
  SINCE MAR 1     49                        37     12       55
  SINCE JAN 1     49                        37     12       55
..................................................................


WIND (MPH)
  HIGHEST WIND SPEED    13   HIGHEST WIND DIRECTION    SE (150)
  HIGHEST GUST SPEED    17   HIGHEST GUST DIRECTION     E (110)
  AVERAGE WIND SPEED     3.0


SKY COVER
  AVERAGE SKY COVER 0.2


WEATHER CONDITIONS
 THE FOLLOWING WEATHER WAS RECORDED YESTERDAY.
  NO SIGNIFICANT WEATHER WAS OBSERVED.


RELATIVE HUMIDITY (PERCENT)
 HIGHEST    93           300 AM
 LOWEST     28           300 PM
 AVERAGE    61

..........................................................


THE FORT WAYNE CLIMATE NORMALS FOR TODAY
                         NORMAL    RECORD    YEAR
 MAXIMUM TEMPERATURE (F)   74        95      1911
 MINIMUM TEMPERATURE (F)   52        33      1925


SUNRISE AND SUNSET
MAY 25 2018...........SUNRISE   615 AM EDT   SUNSET   901 PM EDT
MAY 26 2018...........SUNRISE   614 AM EDT   SUNSET   902 PM EDT


-  INDICATES NEGATIVE NUMBERS.
R  INDICATES RECORD WAS SET OR TIED.
MM INDICATES DATA IS MISSING.
T  INDICATES TRACE AMOUNT.




$$
