000
CDUS43 KDDC 212327
CLIGCK


CLIMATE REPORT
NATIONAL WEATHER SERVICE DODGE CITY KS
627 PM CDT MON MAY 21 2018


...................................

...THE GARDEN CITY REGIONAL ARPT KS CLIMATE SUMMARY FOR MAY 21 2018...
VALID TODAY AS OF 0500 PM LOCAL TIME.

CLIMATE NORMAL PERIOD 1981 TO 2010
CLIMATE RECORD PERIOD 1948 TO 2018


WEATHER ITEM   OBSERVED TIME   RECORD YEAR NORMAL DEPARTURE LAST
                VALUE   (LST)  VALUE       VALUE  FROM      YEAR
                                                  NORMAL
..................................................................
TEMPERATURE (F)
 TODAY
  MAXIMUM         83    349 PM 101    2005  78      5       71
  MINIMUM         48    557 AM  38    2017  52     -4       38
  AVERAGE         66                        65      1       55

PRECIPITATION (IN)
  TODAY            0.00          0.85 1948   0.10  -0.10      T
  MONTH TO DATE    1.29                      1.82  -0.53     0.93
  SINCE MAR 1      2.07                      5.00  -2.93     6.87
  SINCE JAN 1      2.07                      5.88  -3.81     8.16

DEGREE DAYS
 HEATING
  TODAY            0                         3     -3       10
  MONTH TO DATE   23                       107    -84      114
  SINCE MAR 1   1105                      1145    -40      927
  SINCE JUL 1   4989                      5169   -180     4401

 COOLING
  TODAY            1                         3     -2        0
  MONTH TO DATE   76                        38     38       40
  SINCE MAR 1     88                        50     38       77
  SINCE JAN 1     88                        50     38       77
..................................................................


WIND (MPH)
  HIGHEST WIND SPEED    26   HIGHEST WIND DIRECTION     S (190)
  HIGHEST GUST SPEED    34   HIGHEST GUST DIRECTION     S (190)
  AVERAGE WIND SPEED    12.7



WEATHER CONDITIONS
 THE FOLLOWING WEATHER WAS RECORDED TODAY.
  FOG
  FOG W/VISIBILITY <= 1/4 MILE


RELATIVE HUMIDITY (PERCENT)
 HIGHEST   100           400 AM
 LOWEST     37           500 PM
 AVERAGE    69

..........................................................


THE GARDEN CITY REGIONAL ARPT KS CLIMATE NORMALS FOR TOMORROW
                         NORMAL    RECORD    YEAR
 MAXIMUM TEMPERATURE (F)   78        99      1996
 MINIMUM TEMPERATURE (F)   52        41      1963


SUNRISE AND SUNSET
MAY 21 2018...........SUNRISE   628 AM CDT   SUNSET   851 PM CDT
MAY 22 2018...........SUNRISE   627 AM CDT   SUNSET   852 PM CDT


-  INDICATES NEGATIVE NUMBERS.
R  INDICATES RECORD WAS SET OR TIED.
MM INDICATES DATA IS MISSING.
T  INDICATES TRACE AMOUNT.




$$
