000
CDUS41 KPHI 200554
CLIGED


CLIMATE REPORT
NATIONAL WEATHER SERVICE MOUNT HOLLY NJ
154 AM EDT FRI APR 20 2018


...................................

...THE GEORGETOWN DE CLIMATE SUMMARY FOR APRIL 19 2018...

CLIMATE NORMAL PERIOD 1981 TO 2010
CLIMATE RECORD PERIOD 1948 TO 2018


WEATHER ITEM   OBSERVED TIME   RECORD YEAR NORMAL DEPARTURE LAST
                VALUE   (LST)  VALUE       VALUE  FROM      YEAR
                                                  NORMAL
..................................................................
TEMPERATURE (F)
 YESTERDAY
  MAXIMUM         58   1217 PM  91    1976  66     -8       61
  MINIMUM         41   1159 PM  29    2001  45     -4       44
                                      1990
  AVERAGE         50                        55     -5       53

PRECIPITATION (IN)
  YESTERDAY        0.07          0.87 1978   0.11  -0.04     0.00
  MONTH TO DATE    2.59                      2.47   0.12     0.63
  SINCE MAR 1      5.64                      6.52  -0.88     5.00
  SINCE JAN 1     12.46                     12.23   0.23     9.24

DEGREE DAYS
 HEATING
  YESTERDAY       15                        11      4       12
  MONTH TO DATE  265                       249     16      126
  SINCE MAR 1    972                       881     91      742
  SINCE JUL 1   3930                      4161   -231     3427

 COOLING
  YESTERDAY        0                         1     -1        0
  MONTH TO DATE   14                         9      5       21
  SINCE MAR 1     14                        11      3       24
  SINCE JAN 1     21                        11     10       24
..................................................................


WIND (MPH)
  HIGHEST WIND SPEED    18   HIGHEST WIND DIRECTION    NW (320)
  HIGHEST GUST SPEED    33   HIGHEST GUST DIRECTION    NW (320)
  AVERAGE WIND SPEED     8.7


SKY COVER
  POSSIBLE SUNSHINE  MM
  AVERAGE SKY COVER 0.6


WEATHER CONDITIONS
 THE FOLLOWING WEATHER WAS RECORDED YESTERDAY.
  RAIN
  LIGHT RAIN
  FOG


RELATIVE HUMIDITY (PERCENT)
 HIGHEST    86           300 AM
 LOWEST     42           600 PM
 AVERAGE    64

..........................................................


THE GEORGETOWN DE CLIMATE NORMALS FOR TODAY
                         NORMAL    RECORD    YEAR
 MAXIMUM TEMPERATURE (F)   66        89      1985
 MINIMUM TEMPERATURE (F)   45        29      1974


SUNRISE AND SUNSET
APRIL 20 2018.........SUNRISE   618 AM EDT   SUNSET   743 PM EDT
APRIL 21 2018.........SUNRISE   617 AM EDT   SUNSET   744 PM EDT


-  INDICATES NEGATIVE NUMBERS.
R  INDICATES RECORD WAS SET OR TIED.
MM INDICATES DATA IS MISSING.
T  INDICATES TRACE AMOUNT.




$$
