000
CDUS46 KOTX 260820
CLIGEG


CLIMATE REPORT
NATIONAL WEATHER SERVICE SPOKANE, WA
119 AM PDT THU APR 26 2018


...................................

...THE SPOKANE WA AIRPORT CLIMATE SUMMARY FOR APRIL 25 2018...

CLIMATE NORMAL PERIOD 1981 TO 2010
CLIMATE RECORD PERIOD 1881 TO 2018


WEATHER ITEM   OBSERVED TIME   RECORD YEAR NORMAL DEPARTURE LAST
                VALUE   (LST)  VALUE       VALUE  FROM      YEAR
                                                  NORMAL
..................................................................
TEMPERATURE (F)
 YESTERDAY
  MAXIMUM         73    508 PM  89    1946  60     13       55
  MINIMUM         45    509 AM  21    1984  38      7       41
  AVERAGE         59                        49     10       48

PRECIPITATION (IN)
  YESTERDAY        0.00          0.63 2011   0.03  -0.03     0.09
  MONTH TO DATE    1.96                      1.09   0.87     1.54
  SINCE OCT 1     14.57                     11.60   2.97    21.18
  SINCE JAN 1      7.41                      5.82   1.59    11.89

SNOWFALL (IN)
  YESTERDAY        0.0           T    2011   0.0    0.0      0.0
                                      2008
                                      1990
  MONTH TO DATE    T                         0.9   -0.9      0.5
  SINCE MAR 1      4.9                       4.4    0.5      5.9
  SINCE JUL 1     49.3                      44.7    4.6     61.5
  SNOW DEPTH       0

DEGREE DAYS
 HEATING
  YESTERDAY        6                        16    -10       17
  MONTH TO DATE  493                       464     29      470
  SINCE MAR 1   1276                      1231     45     1211
  SINCE JUL 1   5923                      6060   -137     6204

 COOLING
  YESTERDAY        0                         0      0        0
  MONTH TO DATE    0                         0      0        0
  SINCE MAR 1      0                         0      0        0
  SINCE JAN 1      0                         0      0        0
..................................................................


WIND (MPH)
  HIGHEST WIND SPEED    14   HIGHEST WIND DIRECTION     W (250)
  HIGHEST GUST SPEED    17   HIGHEST GUST DIRECTION     W (270)
  AVERAGE WIND SPEED     3.8


SKY COVER
  POSSIBLE SUNSHINE  MM
  AVERAGE SKY COVER 0.4


WEATHER CONDITIONS
 THE FOLLOWING WEATHER WAS RECORDED YESTERDAY.
  NO SIGNIFICANT WEATHER WAS OBSERVED.


RELATIVE HUMIDITY (PERCENT)
 HIGHEST    70           500 AM
 LOWEST     17           500 PM
 AVERAGE    44

..........................................................


THE SPOKANE WA AIRPORT CLIMATE NORMALS FOR TODAY
                         NORMAL    RECORD    YEAR
 MAXIMUM TEMPERATURE (F)   60        81      1926
 MINIMUM TEMPERATURE (F)   38        27      1950


SUNRISE AND SUNSET
APRIL 26 2018.........SUNRISE   541 AM PDT   SUNSET   756 PM PDT
APRIL 27 2018.........SUNRISE   539 AM PDT   SUNSET   757 PM PDT


-  INDICATES NEGATIVE NUMBERS.
R  INDICATES RECORD WAS SET OR TIED.
MM INDICATES DATA IS MISSING.
T  INDICATES TRACE AMOUNT.




$$
