000
CDUS43 KFGF 260634
CLIGFK


CLIMATE REPORT
NATIONAL WEATHER SERVICE EASTERN NORTH DAKOTA/GRAND FORKS
133 AM CDT SAT MAY 26 2018


...................................

...THE GRAND FORKS INTL AP ND CLIMATE SUMMARY FOR MAY 25 2018...

CLIMATE NORMAL PERIOD 1981 TO 2010
CLIMATE RECORD PERIOD 1948 TO 2018


WEATHER ITEM   OBSERVED TIME   RECORD YEAR NORMAL DEPARTURE LAST
                VALUE   (LST)  VALUE       VALUE  FROM      YEAR
                                                  NORMAL
..................................................................
TEMPERATURE (F)
 YESTERDAY
  MAXIMUM         94R   428 PM  90    1978  71     23       70
                                      1959
  MINIMUM         58    514 AM  30    2007  45     13       49
  AVERAGE         76                        58     18       60

PRECIPITATION (IN)
  YESTERDAY        0.00          0.93 2016   0.09  -0.09     0.00
  MONTH TO DATE    1.19                      2.08  -0.89     0.95
  SINCE MAR 1      3.39                      4.05  -0.66     3.14
  SINCE JAN 1      4.32                      5.12  -0.80     3.99

SNOWFALL (IN)
  YESTERDAY        0.0          MM      MM   0.0    0.0      0.0
  MONTH TO DATE    0.0                       0.1   -0.1      0.0
  SINCE MAR 1     16.9                      10.2    6.7      5.8
  SINCE JUL 1     52.4                      47.4    5.0     44.1
  SNOW DEPTH       0

DEGREE DAYS
 HEATING
  YESTERDAY        0                         8     -8        5
  MONTH TO DATE  221                       292    -71      233
  SINCE MAR 1   2423                      2220    203     2011
  SINCE JUL 1   9413                      9370     43     7980

 COOLING
  YESTERDAY       11                         1     10        0
  MONTH TO DATE   36                        10     26        2
  SINCE MAR 1     36                        11     25        2
  SINCE JAN 1     36                        11     25        2
..................................................................


WIND (MPH)
  HIGHEST WIND SPEED    28   HIGHEST WIND DIRECTION    SW (230)
  HIGHEST GUST SPEED    34   HIGHEST GUST DIRECTION    SW (240)
  AVERAGE WIND SPEED    10.0


SKY COVER
  POSSIBLE SUNSHINE  MM
  AVERAGE SKY COVER 0.3


WEATHER CONDITIONS
 THE FOLLOWING WEATHER WAS RECORDED YESTERDAY.
  THUNDERSTORM


RELATIVE HUMIDITY (PERCENT)
 HIGHEST    80           400 AM
 LOWEST     24           200 PM
 AVERAGE    52

..........................................................


THE GRAND FORKS INTL AP ND CLIMATE NORMALS FOR TODAY
                         NORMAL    RECORD    YEAR
 MAXIMUM TEMPERATURE (F)   71        89      1980
 MINIMUM TEMPERATURE (F)   45        29      1984
                                             1961


SUNRISE AND SUNSET
MAY 26 2018...........SUNRISE   538 AM CDT   SUNSET   914 PM CDT
MAY 27 2018...........SUNRISE   537 AM CDT   SUNSET   915 PM CDT


-  INDICATES NEGATIVE NUMBERS.
R  INDICATES RECORD WAS SET OR TIED.
MM INDICATES DATA IS MISSING.
T  INDICATES TRACE AMOUNT.




$$
