551
CDUS44 KSHV 220742
CLIGGG


CLIMATE REPORT
NATIONAL WEATHER SERVICE SHREVEPORT, LA
242 AM CDT TUE MAY 22 2018


...................................

...THE LONGVIEW CLIMATE SUMMARY FOR MAY 21 2018...

CLIMATE NORMAL PERIOD 1981 TO 2010
CLIMATE RECORD PERIOD 1902 TO 2018


WEATHER ITEM   OBSERVED TIME   RECORD YEAR NORMAL DEPARTURE LAST
                VALUE   (LST)  VALUE       VALUE  FROM      YEAR
                                                  NORMAL
..................................................................
TEMPERATURE (F)
 YESTERDAY
  MAXIMUM         90    337 PM  97    1918  85      5       71
  MINIMUM         68    618 AM  48    1931  64      4       61
  AVERAGE         79                        74      5       66

PRECIPITATION (IN)
  YESTERDAY        0.00          2.84 1967   0.13  -0.13     0.68
  MONTH TO DATE    0.62                      3.22  -2.60     3.43
  SINCE DEC 1     29.17                     22.64   6.53    25.23
  SINCE JAN 1     23.84                     18.15   5.69    20.43

SNOWFALL (IN)
  YESTERDAY        0.0
  MONTH TO DATE    0.0
  SINCE MAR 1      0.0
  SINCE JUL 1      1.5
  SNOW DEPTH       0

DEGREE DAYS
 HEATING
  YESTERDAY        0                         0      0        0
  MONTH TO DATE    0                         8     -8        6
  SINCE MAR 1    283                       353    -70      189
  SINCE JUL 1   2077                      2257   -180     1290

 COOLING
  YESTERDAY       14                         9      5        1
  MONTH TO DATE  250                       150    100      137
  SINCE MAR 1    360                       261     99      375
  SINCE JAN 1    396                       273    123      446
..................................................................


WIND (MPH)
  HIGHEST WIND SPEED    12   HIGHEST WIND DIRECTION    SW (240)
  HIGHEST GUST SPEED    14   HIGHEST GUST DIRECTION    SW (240)
  AVERAGE WIND SPEED     2.4


SKY COVER
  POSSIBLE SUNSHINE  MM
  AVERAGE SKY COVER 0.4


WEATHER CONDITIONS
 THE FOLLOWING WEATHER WAS RECORDED YESTERDAY.
  NO SIGNIFICANT WEATHER WAS OBSERVED.


RELATIVE HUMIDITY (PERCENT)
 HIGHEST   100          1200 AM
 LOWEST     53           300 PM
 AVERAGE    77

..........................................................


THE LONGVIEW CLIMATE NORMALS FOR TODAY
                         NORMAL    RECORD    YEAR
 MAXIMUM TEMPERATURE (F)   85        96      2005
                                             1939
 MINIMUM TEMPERATURE (F)   64        51      1919


SUNRISE AND SUNSET
MAY 22 2018...........SUNRISE   617 AM CDT   SUNSET   815 PM CDT
MAY 23 2018...........SUNRISE   616 AM CDT   SUNSET   816 PM CDT


-  INDICATES NEGATIVE NUMBERS.
R  INDICATES RECORD WAS SET OR TIED.
MM INDICATES DATA IS MISSING.
T  INDICATES TRACE AMOUNT.




$$
