000
CDUS45 KMSO 222231
CLIGPI


CLIMATE REPORT
NATIONAL WEATHER SERVICE MISSOULA, MT
430 PM MDT SUN APR 22 2018


...................................

...THE KALISPELL MT CLIMATE SUMMARY FOR APRIL 22 2018...
VALID TODAY AS OF 0400 PM LOCAL TIME.

CLIMATE NORMAL PERIOD 1981 TO 2010
CLIMATE RECORD PERIOD 1894 TO 2018


WEATHER ITEM   OBSERVED TIME   RECORD YEAR NORMAL DEPARTURE LAST
                VALUE   (LST)  VALUE       VALUE  FROM      YEAR
                                                  NORMAL
..................................................................
TEMPERATURE (F)
 TODAY
  MAXIMUM         57    247 PM  80    1969  58     -1       62
  MINIMUM         26    629 AM  16    1968  32     -6       28
  AVERAGE         42                        45     -3       45

PRECIPITATION (IN)
  TODAY            0.00          0.64 1956   0.04  -0.04     0.00
  MONTH TO DATE    1.16                      0.89   0.27     1.32
  SINCE OCT 1     10.05                      8.28   1.77    15.01
  SINCE JAN 1      4.90                      4.28   0.62     7.78

SNOWFALL (IN)
  TODAY            0.0
  MONTH TO DATE    1.3
  SINCE JAN 1     40.8
  SINCE JUL 1     82.8
  SNOW DEPTH       0

DEGREE DAYS
 HEATING
  TODAY           23                        20      3       20
  MONTH TO DATE  584                       490     94      521
  SINCE MAR 1   1584                      1409    175     1401
  SINCE JUL 1   7240                      7261    -21     7601

 COOLING
  TODAY            0                         0      0        0
  MONTH TO DATE    0                         0      0        0
  SINCE MAR 1      0                         0      0        0
  SINCE JAN 1      0                         0      0        0
..................................................................


WIND (MPH)
  HIGHEST WIND SPEED    14   HIGHEST WIND DIRECTION     S (160)
  HIGHEST GUST SPEED    25   HIGHEST GUST DIRECTION     S (170)
  AVERAGE WIND SPEED     4.6


SKY COVER
  POSSIBLE SUNSHINE  MM
  AVERAGE SKY COVER 0.2


WEATHER CONDITIONS
 THE FOLLOWING WEATHER WAS RECORDED TODAY.
  NO SIGNIFICANT WEATHER WAS OBSERVED.


RELATIVE HUMIDITY (PERCENT)
 HIGHEST    85           600 AM
 LOWEST     24           300 PM
 AVERAGE    55

..........................................................


THE KALISPELL MT CLIMATE NORMALS FOR TOMORROW
                         NORMAL    RECORD    YEAR
 MAXIMUM TEMPERATURE (F)   58        82      1977
 MINIMUM TEMPERATURE (F)   32        20      1972


SUNRISE AND SUNSET
APRIL 22 2018.........SUNRISE   634 AM MDT   SUNSET   838 PM MDT
APRIL 23 2018.........SUNRISE   632 AM MDT   SUNSET   840 PM MDT


-  INDICATES NEGATIVE NUMBERS.
R  INDICATES RECORD WAS SET OR TIED.
MM INDICATES DATA IS MISSING.
T  INDICATES TRACE AMOUNT.




$$
