778
CDUS43 KGRB 230701
CLIGRB


CLIMATE REPORT
NATIONAL WEATHER SERVICE GREEN BAY
201 AM CDT MON APR 23 2018


...................................

...THE GREEN BAY WI CLIMATE SUMMARY FOR APRIL 22 2018...

CLIMATE NORMAL PERIOD 1981 TO 2010
CLIMATE RECORD PERIOD 1886 TO 2018


WEATHER ITEM   OBSERVED TIME   RECORD YEAR NORMAL DEPARTURE LAST
                VALUE   (LST)  VALUE       VALUE  FROM      YEAR
                                                  NORMAL
..................................................................
TEMPERATURE (F)
 YESTERDAY
  MAXIMUM         57    554 PM  89    1980  57      0       64
  MINIMUM         29    457 AM  24    1986  36     -7       34
                                      1956
  AVERAGE         43                        47     -4       49

PRECIPITATION (IN)
  YESTERDAY        0.00          1.20 1921   0.09  -0.09     0.00
  MONTH TO DATE    4.85                      1.91   2.94     3.07
  SINCE MAR 1      5.84                      3.76   2.08     5.37
  SINCE JAN 1      8.34                      6.00   2.34     8.62

SNOWFALL (IN)
  YESTERDAY        0.0           2.9  1963   0.1   -0.1      0.0
  MONTH TO DATE   36.7                       2.6   34.1      0.0
  SINCE MAR 1     43.7                      10.7   33.0      9.0
  SINCE JUL 1     68.1                      50.9   17.2     53.2
  SNOW DEPTH       5

DEGREE DAYS
 HEATING
  YESTERDAY       22                        19      3       16
  MONTH TO DATE  740                       503    237      356
  SINCE MAR 1   1775                      1563    212     1380
  SINCE JUL 1   7229                      7403   -174     5953

 COOLING
  YESTERDAY        0                         0      0        0
  MONTH TO DATE    0                         0      0        0
  SINCE MAR 1      0                         0      0        0
  SINCE JAN 1      0                         0      0        0
..................................................................


WIND (MPH)
  HIGHEST WIND SPEED    13   HIGHEST WIND DIRECTION    SE (140)
  HIGHEST GUST SPEED    14   HIGHEST GUST DIRECTION    SE (140)
  AVERAGE WIND SPEED     2.6


SKY COVER
  POSSIBLE SUNSHINE  MM
  AVERAGE SKY COVER 0.0


WEATHER CONDITIONS
 THE FOLLOWING WEATHER WAS RECORDED YESTERDAY.
  NO SIGNIFICANT WEATHER WAS OBSERVED.


RELATIVE HUMIDITY (PERCENT)
 HIGHEST    92           600 AM
 LOWEST     26          1100 AM
 AVERAGE    59

..........................................................


THE GREEN BAY WI CLIMATE NORMALS FOR TODAY
                         NORMAL    RECORD    YEAR
 MAXIMUM TEMPERATURE (F)   58        82      1925
 MINIMUM TEMPERATURE (F)   37        18      1956


SUNRISE AND SUNSET
APRIL 23 2018.........SUNRISE   555 AM CDT   SUNSET   747 PM CDT
APRIL 24 2018.........SUNRISE   554 AM CDT   SUNSET   748 PM CDT


-  INDICATES NEGATIVE NUMBERS.
R  INDICATES RECORD WAS SET OR TIED.
MM INDICATES DATA IS MISSING.
T  INDICATES TRACE AMOUNT.




$$
