000
CDUS42 KRAH 260546
CLIGSO


CLIMATE REPORT
NATIONAL WEATHER SERVICE RALEIGH NC
140 AM EDT SAT MAY 26 2018


...................................

...THE PIEDMONT TRIAD INTL AIRPORT NC CLIMATE SUMMARY FOR MAY 25 2018...

CLIMATE NORMAL PERIOD 1981 TO 2010
CLIMATE RECORD PERIOD 1903 TO 2018


WEATHER ITEM   OBSERVED TIME   RECORD YEAR NORMAL DEPARTURE LAST
                VALUE   (LST)  VALUE       VALUE  FROM      YEAR
                                                  NORMAL
..................................................................
TEMPERATURE (F)
 YESTERDAY
  MAXIMUM         82    418 PM  96    1926  80      2       72
  MINIMUM         67    201 AM  43    2013  59      8       57
                                      1956
                                      1935
  AVERAGE         75                        69      6       65

PRECIPITATION (IN)
  YESTERDAY        T             1.38 2003   0.12  -0.12     0.07
  MONTH TO DATE    2.83                      2.65   0.18     6.59
  SINCE MAR 1     11.58                      9.95   1.63    14.89
  SINCE JAN 1     17.79                     15.97   1.82    20.50

DEGREE DAYS
 HEATING
  YESTERDAY        0                         1     -1        0
  MONTH TO DATE    3                        61    -58       51
  SINCE MAR 1    866                       752    114      603
  SINCE JUL 1   3565                      3607    -42     2773

 COOLING
  YESTERDAY       10                         5      5        0
  MONTH TO DATE  201                        84    117       89
  SINCE MAR 1    214                       122     92      185
  SINCE JAN 1    222                       122    100      189
..................................................................


WIND (MPH)
  HIGHEST WIND SPEED    14   HIGHEST WIND DIRECTION    SW (210)
  HIGHEST GUST SPEED    17   HIGHEST GUST DIRECTION    SW (210)
  AVERAGE WIND SPEED     6.9


SKY COVER
  POSSIBLE SUNSHINE  MM
  AVERAGE SKY COVER 0.7


WEATHER CONDITIONS
 THE FOLLOWING WEATHER WAS RECORDED YESTERDAY.
  LIGHT RAIN
  FOG


RELATIVE HUMIDITY (PERCENT)
 HIGHEST   100           200 AM
 LOWEST     58           200 PM
 AVERAGE    79

..........................................................


THE PIEDMONT TRIAD INTL AIRPORT NC CLIMATE NORMALS FOR TODAY
                         NORMAL    RECORD    YEAR
 MAXIMUM TEMPERATURE (F)   80        95      1926
                                             1914
                                             1911
 MINIMUM TEMPERATURE (F)   59        42      1930
                                             1925


SUNRISE AND SUNSET
MAY 26 2018...........SUNRISE   607 AM EDT   SUNSET   827 PM EDT
MAY 27 2018...........SUNRISE   606 AM EDT   SUNSET   828 PM EDT


-  INDICATES NEGATIVE NUMBERS.
R  INDICATES RECORD WAS SET OR TIED.
MM INDICATES DATA IS MISSING.
T  INDICATES TRACE AMOUNT.




$$
