000
CDUS42 KGSP 200637 RRB
CLIGSP

CLIMATE REPORT
NATIONAL WEATHER SERVICE GREENVILLE-SPARTANBURG SC
234 AM EDT FRI APR 20 2018


...................................

...THE GREENVILLE-SPARTANBURG SC CLIMATE SUMMARY FOR APRIL 19 2018...

CLIMATE NORMAL PERIOD 1981 TO 2010
CLIMATE RECORD PERIOD 1884 TO 2018


WEATHER ITEM   OBSERVED TIME   RECORD YEAR NORMAL DEPARTURE LAST
                VALUE   (LST)  VALUE       VALUE  FROM      YEAR
                                                  NORMAL
..................................................................
TEMPERATURE (F)
 YESTERDAY
  MAXIMUM         74   1147 AM  93    1917  74      0       66
  MINIMUM         44   1159 PM  31    2001  49     -5       56
  AVERAGE         59                        61     -2       61

PRECIPITATION (IN)
  YESTERDAY        0.00          1.61 2015   0.11  -0.11     0.85
  MONTH TO DATE    2.83                      2.12   0.71     3.27
  SINCE MAR 1      6.39                      6.64  -0.25    10.62
  SINCE JAN 1     14.66                     14.43   0.23    16.34

SNOWFALL (IN)
  YESTERDAY        0.0           0.0    MM   0.0    0.0      0.0
  MONTH TO DATE    0.0                       0.0    0.0      0.0
  SINCE MAR 1      0.0                       0.9   -0.9      0.5
  SINCE JUL 1      4.7                       4.7    0.0      3.6
  SNOW DEPTH       0

DEGREE DAYS
 HEATING
  YESTERDAY        6                         5      1        4
  MONTH TO DATE  142                       129     13       53
  SINCE MAR 1    582                       513     69      407
  SINCE JUL 1   2853                      2962   -109     2133

 COOLING
  YESTERDAY        0                         1     -1        0
  MONTH TO DATE   12                        19     -7       36
  SINCE MAR 1     13                        27    -14       52
  SINCE JAN 1     33                        27      6       58
..................................................................


WIND (MPH)
  HIGHEST WIND SPEED    22   HIGHEST WIND DIRECTION     N (20)
  HIGHEST GUST SPEED    29   HIGHEST GUST DIRECTION     W (280)
  AVERAGE WIND SPEED    12.2


SKY COVER
  POSSIBLE SUNSHINE  MM
  AVERAGE SKY COVER 0.0


WEATHER CONDITIONS
 THE FOLLOWING WEATHER WAS RECORDED YESTERDAY.
  NO SIGNIFICANT WEATHER WAS OBSERVED.


RELATIVE HUMIDITY (PERCENT)
 HIGHEST    72           600 AM
 LOWEST     22          1200 PM
 AVERAGE    47

..........................................................


THE GREENVILLE-SPARTANBURG SC CLIMATE NORMALS FOR TODAY
                         NORMAL    RECORD    YEAR
 MAXIMUM TEMPERATURE (F)   74        94      1917
 MINIMUM TEMPERATURE (F)   49        25      1983


SUNRISE AND SUNSET
APRIL 20 2018.........SUNRISE   651 AM EDT   SUNSET   805 PM EDT
APRIL 21 2018.........SUNRISE   650 AM EDT   SUNSET   806 PM EDT


-  INDICATES NEGATIVE NUMBERS.
R  INDICATES RECORD WAS SET OR TIED.
MM INDICATES DATA IS MISSING.
T  INDICATES TRACE AMOUNT.




$$
