000
CDUS44 KJAN 220702
CLIGWO


CLIMATE REPORT
NATIONAL WEATHER SERVICE JACKSON MS
200 AM CDT SUN APR 22 2018


...................................

...THE GREENWOOD CLIMATE SUMMARY FOR APRIL 21 2018...

CLIMATE NORMAL PERIOD 1981 TO 2010
CLIMATE RECORD PERIOD 1948 TO 2018


WEATHER ITEM   OBSERVED TIME   RECORD YEAR NORMAL DEPARTURE LAST
                VALUE   (LST)  VALUE       VALUE  FROM      YEAR
                                                  NORMAL
..................................................................
TEMPERATURE (F)
 YESTERDAY
  MAXIMUM         80    220 PM  94    1987  77      3       86
  MINIMUM         45    432 AM  33    1953  53     -8       65
  AVERAGE         63                        65     -2       76

PRECIPITATION (IN)
  YESTERDAY        0.00          2.41 1951   0.17  -0.17     0.00
  MONTH TO DATE    4.13                      3.62   0.51     3.66
  SINCE MAR 1      9.87                      7.93   1.94     7.63
  SINCE JAN 1     26.47                     16.87   9.60    15.91

SNOWFALL (IN)
  YESTERDAY        0.0

DEGREE DAYS
 HEATING
  YESTERDAY        2                         3     -1        0
  MONTH TO DATE  158                       103     55       26
  SINCE MAR 1    429                       419     10      258
  SINCE JUL 1   2483                      2650   -167     1741

 COOLING
  YESTERDAY        0                         3     -3       11
  MONTH TO DATE   20                        45    -25       98
  SINCE MAR 1     44                        66    -22      159
  SINCE JAN 1     83                        71     12      193
..................................................................


WIND (MPH)
  HIGHEST WIND SPEED    20   HIGHEST WIND DIRECTION     S (160)
  HIGHEST GUST SPEED    25   HIGHEST GUST DIRECTION     S (160)
  AVERAGE WIND SPEED     8.6


SKY COVER
  POSSIBLE SUNSHINE  MM
  AVERAGE SKY COVER 0.2


WEATHER CONDITIONS
 THE FOLLOWING WEATHER WAS RECORDED YESTERDAY.
  NO SIGNIFICANT WEATHER WAS OBSERVED.


RELATIVE HUMIDITY (PERCENT)
 HIGHEST    86          1200 AM
 LOWEST     35           100 PM
 AVERAGE    61

..........................................................


THE GREENWOOD CLIMATE NORMALS FOR TODAY
                         NORMAL    RECORD    YEAR
 MAXIMUM TEMPERATURE (F)   77        89      1963
                                             1955
 MINIMUM TEMPERATURE (F)   54        37      1993


SUNRISE AND SUNSET
APRIL 22 2018.........SUNRISE   622 AM CDT   SUNSET   736 PM CDT
APRIL 23 2018.........SUNRISE   620 AM CDT   SUNSET   737 PM CDT


-  INDICATES NEGATIVE NUMBERS.
R  INDICATES RECORD WAS SET OR TIED.
MM INDICATES DATA IS MISSING.
T  INDICATES TRACE AMOUNT.




$$
