000
CDUS46 KPQR 240222
CLIHIO


CLIMATE REPORT
NATIONAL WEATHER SERVICE PORTLAND OREGON
721 PM PDT MON APR 23 2018


...................................

...THE HILLSBORO OR CLIMATE SUMMARY FOR APRIL 23 2018...
VALID TODAY AS OF 0700 PM LOCAL TIME.

CLIMATE NORMAL PERIOD 1981 TO 2010
CLIMATE RECORD PERIOD 1929 TO 2018


WEATHER ITEM   OBSERVED TIME   RECORD YEAR NORMAL DEPARTURE LAST
                VALUE   (LST)  VALUE       VALUE  FROM      YEAR
                                                  NORMAL
..................................................................
TEMPERATURE (F)
 TODAY
  MAXIMUM         73    355 PM  82    2012  62     11       55
  MINIMUM         36    448 AM  31    1954  40     -4       45
  AVERAGE         55                        51      4       50

PRECIPITATION (IN)
  TODAY            0.00                      0.10  -0.10     0.13
  MONTH TO DATE    2.88                      2.39   0.49     2.79
  SINCE OCT 1     25.29                     32.98  -7.69    43.60
  SINCE JAN 1     12.99                     16.59  -3.60    23.92

DEGREE DAYS
 HEATING
  TODAY           10                                        15
  MONTH TO DATE  348                                       357
  SINCE MAR 1    972                                       909
  SINCE JUL 1   4198                                      4438

 COOLING
  TODAY            0                                         0
  MONTH TO DATE    0                                         0
  SINCE MAR 1      0                                         0
  SINCE JAN 1      0                                         0
..................................................................


WIND (MPH)
  HIGHEST WIND SPEED    22   HIGHEST WIND DIRECTION     E (70)
  HIGHEST GUST SPEED    30   HIGHEST GUST DIRECTION    NE (60)
  AVERAGE WIND SPEED     8.0


SKY COVER
  POSSIBLE SUNSHINE  MM
  AVERAGE SKY COVER 0.0


WEATHER CONDITIONS
 THE FOLLOWING WEATHER WAS RECORDED TODAY.
  NO SIGNIFICANT WEATHER WAS OBSERVED.


RELATIVE HUMIDITY (PERCENT)
 HIGHEST    89           700 AM
 LOWEST     20           400 PM
 AVERAGE    55

..........................................................


THE HILLSBORO OR CLIMATE NORMALS FOR TOMORROW
                         NORMAL    RECORD    YEAR
 MAXIMUM TEMPERATURE (F)   63        81      1999
 MINIMUM TEMPERATURE (F)   40        30      2009
                                             2000


SUNRISE AND SUNSET
APRIL 23 2018.........SUNRISE   612 AM PDT   SUNSET   809 PM PDT
APRIL 24 2018.........SUNRISE   611 AM PDT   SUNSET   810 PM PDT


-  INDICATES NEGATIVE NUMBERS.
R  INDICATES RECORD WAS SET OR TIED.
MM INDICATES DATA IS MISSING.
T  INDICATES TRACE AMOUNT.




$$
