000
CDUS43 KGLD 260753
CLIHLC

CLIMATE REPORT
NATIONAL WEATHER SERVICE GOODLAND
147 AM MDT SAT MAY 26 2018

...................................

...THE HILL CITY KS CLIMATE SUMMARY FOR MAY 25 2018...

CLIMATE NORMAL PERIOD 1981 TO 2010
CLIMATE RECORD PERIOD 1896 TO 2018


WEATHER ITEM   OBSERVED TIME   RECORD YEAR NORMAL DEPARTURE LAST
                VALUE   (LST)  VALUE       VALUE  FROM      YEAR
                                                  NORMAL
..................................................................
TEMPERATURE (F)
 YESTERDAY
  MAXIMUM         93    353 PM  99    1964  78     15       86
  MINIMUM         54    409 AM  37    2002  53      1       47
  AVERAGE         74                        66      8       67

PRECIPITATION (IN)
  YESTERDAY        0.00                      0.12  -0.12     0.33
  MONTH TO DATE    2.15                      3.01  -0.86     3.69
  SINCE MAR 1      3.19                      6.76  -3.57     9.41
  SINCE JAN 1      4.01                      7.73  -3.72    10.48

..................................................................

THE HILL CITY KS CLIMATE NORMALS FOR TODAY
                         NORMAL    RECORD    YEAR
 MAXIMUM TEMPERATURE (F)   79       102      2012
 MINIMUM TEMPERATURE (F)   53        33      1992



-  INDICATES NEGATIVE NUMBERS.
R  INDICATES RECORD WAS SET OR TIED.
MM INDICATES DATA IS MISSING.
T  INDICATES TRACE AMOUNT.




$$
