906
CDUS42 KMHX 232126
CLIHSE


CLIMATE REPORT
NATIONAL WEATHER SERVICE NEWPORT/MOREHEAD CITY NC
525 PM EDT MON APR 23 2018


...................................

...THE CAPE HATTERAS NC CLIMATE SUMMARY FOR APRIL 23 2018...
VALID TODAY AS OF 0500 PM LOCAL TIME.

CLIMATE NORMAL PERIOD 1981 TO 2010
CLIMATE RECORD PERIOD 1874 TO 2018


WEATHER ITEM   OBSERVED TIME   RECORD YEAR NORMAL DEPARTURE LAST
                VALUE   (LST)  VALUE       VALUE  FROM      YEAR
                                                  NORMAL
..................................................................
TEMPERATURE (F)
 TODAY
  MAXIMUM         71   1204 PM  89    1985  68      3       65
  MINIMUM         57    301 AM  37    1982  55      2       58
  AVERAGE         64                        61      3       62

PRECIPITATION (IN)
  TODAY            0.00          4.49 1928   0.12  -0.12     0.10
  MONTH TO DATE    3.07                      2.87   0.20     4.41
  SINCE MAR 1      7.53                      7.64  -0.11     9.69
  SINCE JAN 1     17.78                     16.90   0.88    16.00

SNOWFALL (IN)
  TODAY            0.0
  MONTH TO DATE    0.0
  SINCE NOV 1      3.5
  SINCE JUL 1      3.5
  SNOW DEPTH       0

DEGREE DAYS
 HEATING
  TODAY            1                         5     -4        3
  MONTH TO DATE  163                       163      0       48
  SINCE MAR 1    654                       582     72      403
  SINCE JUL 1   2265                      2506   -241     1725

 COOLING
  TODAY            0                         1     -1        0
  MONTH TO DATE   13                        14     -1       93
  SINCE MAR 1     13                        17     -4      117
  SINCE JAN 1     23                        17      6      125
..................................................................


WIND (MPH)
  HIGHEST WIND SPEED    17   HIGHEST WIND DIRECTION     E (100)
  HIGHEST GUST SPEED    23   HIGHEST GUST DIRECTION     E (100)
  AVERAGE WIND SPEED    10.6


SKY COVER
  POSSIBLE SUNSHINE  MM
  AVERAGE SKY COVER 0.2


WEATHER CONDITIONS
 THE FOLLOWING WEATHER WAS RECORDED TODAY.
  NO SIGNIFICANT WEATHER WAS OBSERVED.


RELATIVE HUMIDITY (PERCENT)
 HIGHEST    86          1200 AM
 LOWEST     53          1200 PM
 AVERAGE    70

..........................................................


THE CAPE HATTERAS NC CLIMATE NORMALS FOR TOMORROW
                         NORMAL    RECORD    YEAR
 MAXIMUM TEMPERATURE (F)   68        82      1990
                                             1985
 MINIMUM TEMPERATURE (F)   55        37      1982


SUNRISE AND SUNSET
APRIL 23 2018.........SUNRISE   620 AM EDT   SUNSET   742 PM EDT
APRIL 24 2018.........SUNRISE   619 AM EDT   SUNSET   743 PM EDT


-  INDICATES NEGATIVE NUMBERS.
R  INDICATES RECORD WAS SET OR TIED.
MM INDICATES DATA IS MISSING.
T  INDICATES TRACE AMOUNT.




$$
