000
CDUS44 KHUN 202129
CLIHSV


CLIMATE REPORT
NATIONAL WEATHER SERVICE HUNTSVILLE AL
429 PM CDT SUN MAY 20 2018


...................................

...THE HUNTSVILLE CLIMATE SUMMARY FOR MAY 20 2018...
VALID TODAY AS OF 0400 PM LOCAL TIME.

CLIMATE NORMAL PERIOD 1981 TO 2010
CLIMATE RECORD PERIOD 1894 TO 2018


WEATHER ITEM   OBSERVED TIME   RECORD YEAR NORMAL DEPARTURE LAST
                VALUE   (LST)  VALUE       VALUE  FROM      YEAR
                                                  NORMAL
..................................................................
TEMPERATURE (F)
 TODAY
  MAXIMUM         93    234 PM  96    1960  82     11       92
  MINIMUM         69    439 AM  43    2002  61      8       68
  AVERAGE         81                        71     10       80

PRECIPITATION (IN)
  TODAY            T             1.60 1910   0.16  -0.16     1.30
  MONTH TO DATE    1.10                      3.44  -2.34     2.76
  SINCE MAR 1     13.44                     12.97   0.47    10.64
  SINCE JAN 1     23.85                     22.70   1.15    19.51

SNOWFALL (IN)
  TODAY            0.0
  MONTH TO DATE    0.0
  SINCE MAR 1      T
  SINCE JUL 1      0.4
  SNOW DEPTH       0

DEGREE DAYS
 HEATING
  TODAY            0                         1     -1        0
  MONTH TO DATE    0                        25    -25       32
  SINCE MAR 1    616                       547     69      397
  SINCE JUL 1   2901                      2999    -98     1964

 COOLING
  TODAY           16                         7      9       15
  MONTH TO DATE  203                       100    103      123
  SINCE MAR 1    220                       171     49      301
  SINCE JAN 1    255                       172     83      306
..................................................................


WIND (MPH)
  HIGHEST WIND SPEED    10   HIGHEST WIND DIRECTION     W (250)
  HIGHEST GUST SPEED    14   HIGHEST GUST DIRECTION    SW (220)
  AVERAGE WIND SPEED     3.8


SKY COVER
  POSSIBLE SUNSHINE  MM
  AVERAGE SKY COVER 0.4


WEATHER CONDITIONS
 THE FOLLOWING WEATHER WAS RECORDED TODAY.
  NO SIGNIFICANT WEATHER WAS OBSERVED.


RELATIVE HUMIDITY (PERCENT)
 HIGHEST    97           400 AM
 LOWEST     41           200 PM
 AVERAGE    69

..........................................................


THE HUNTSVILLE CLIMATE NORMALS FOR TOMORROW
                         NORMAL    RECORD    YEAR
 MAXIMUM TEMPERATURE (F)   83        96      1941
                                             1933
 MINIMUM TEMPERATURE (F)   61        41      1954


SUNRISE AND SUNSET
MAY 20 2018...........SUNRISE   541 AM CDT   SUNSET   747 PM CDT
MAY 21 2018...........SUNRISE   540 AM CDT   SUNSET   748 PM CDT


-  INDICATES NEGATIVE NUMBERS.
R  INDICATES RECORD WAS SET OR TIED.
MM INDICATES DATA IS MISSING.
T  INDICATES TRACE AMOUNT.




$$
