000
CDUS41 KCAR 240603
CLIHUL


CLIMATE REPORT
NATIONAL WEATHER SERVICE CARIBOU, ME
202 AM EDT THU MAY 24 2018


...................................

...THE HOULTON ME CLIMATE SUMMARY FOR MAY 23 2018...

CLIMATE NORMAL PERIOD 1981 TO 2010
CLIMATE RECORD PERIOD 1948 TO 2018


WEATHER ITEM   OBSERVED TIME   RECORD YEAR NORMAL DEPARTURE LAST
                VALUE   (LST)  VALUE       VALUE  FROM      YEAR
                                                  NORMAL
..................................................................
TEMPERATURE (F)
 YESTERDAY
  MAXIMUM         67    948 AM  92    1977  66      1       70
  MINIMUM         31   1159 PM  25    1982  41    -10       41
  AVERAGE         49                        53     -4       56

PRECIPITATION (IN)
  YESTERDAY        0.09          0.49 1974   0.11  -0.02     0.00
  MONTH TO DATE    2.32                      2.43  -0.11     3.78
  SINCE MAR 1      7.77                      8.90  -1.13     9.17
  SINCE JAN 1     13.45                     13.76  -0.31    13.62

SNOWFALL (IN)
  YESTERDAY       MM             T    1990   0.0   MM       MM
  MONTH TO DATE   MM                         0.1   MM       MM
  SINCE MAR 1     MM                        23.9   MM       MM
  SINCE JUL 1     MM                        89.5   MM       MM
  SNOW DEPTH      MM

DEGREE DAYS
 HEATING
  YESTERDAY       16                        12      4        9
  MONTH TO DATE  324                       349    -25      337
  SINCE MAR 1   2282                      2349    -67     2365
  SINCE JUL 1   8350                      8922   -572     8326

 COOLING
  YESTERDAY        0                         0      0        0
  MONTH TO DATE    0                         0      0        6
  SINCE MAR 1      0                         0      0        6
  SINCE JAN 1      0                         0      0        6
..................................................................


WIND (MPH)
  HIGHEST WIND SPEED    30   HIGHEST WIND DIRECTION    NW (320)
  HIGHEST GUST SPEED    46   HIGHEST GUST DIRECTION    NW (300)
  AVERAGE WIND SPEED     8.3


SKY COVER
  POSSIBLE SUNSHINE  MM
  AVERAGE SKY COVER 0.6


WEATHER CONDITIONS
 THE FOLLOWING WEATHER WAS RECORDED YESTERDAY.
  LIGHT RAIN
  FOG


RELATIVE HUMIDITY (PERCENT)
 HIGHEST   100          1000 PM
 LOWEST     56          1000 AM
 AVERAGE    78

..........................................................


THE HOULTON ME CLIMATE NORMALS FOR TODAY
                         NORMAL    RECORD    YEAR
 MAXIMUM TEMPERATURE (F)   67        92      1977
 MINIMUM TEMPERATURE (F)   41        26      1956


SUNRISE AND SUNSET
MAY 24 2018...........SUNRISE   449 AM EDT   SUNSET   807 PM EDT
MAY 25 2018...........SUNRISE   449 AM EDT   SUNSET   808 PM EDT


-  INDICATES NEGATIVE NUMBERS.
R  INDICATES RECORD WAS SET OR TIED.
MM INDICATES DATA IS MISSING.
T  INDICATES TRACE AMOUNT.




$$
