000
CDUS45 KTFX 230754
CLIHVR


CLIMATE REPORT
NATIONAL WEATHER SERVICE GREAT FALLS MT
152 AM MDT MON APR 23 2018


...................................

...THE HAVRE MT CLIMATE SUMMARY FOR APRIL 22 2018...

CLIMATE NORMAL PERIOD 1981 TO 2010
CLIMATE RECORD PERIOD 1880 TO 2018


WEATHER ITEM   OBSERVED TIME   RECORD YEAR NORMAL DEPARTURE LAST
                VALUE   (LST)  VALUE       VALUE  FROM      YEAR
                                                  NORMAL
..................................................................
TEMPERATURE (F)
 YESTERDAY
  MAXIMUM         61    342 PM  89    1906  61      0       58
  MINIMUM         31    546 AM -14    1967  32     -1       42
  AVERAGE         46                        46      0       50

PRECIPITATION (IN)
  YESTERDAY        0.00          0.52 1932   0.03  -0.03     0.00
  MONTH TO DATE    0.54                      0.55  -0.01     0.55
  SINCE OCT 1      6.89                      3.11   3.78     6.07
  SINCE JAN 1      3.37                      1.70   1.67     2.08

SNOWFALL (IN)
  YESTERDAY        0.0           1.5  1897   0.0    0.0      0.0
  MONTH TO DATE    8.9                       2.5    6.4       T
  SINCE MAR 1     14.2                       8.8    5.4      1.0
  SINCE JUL 1     92.5                      36.7   55.8     32.9
  SNOW DEPTH       0

DEGREE DAYS
 HEATING
  YESTERDAY       19                        19      0       15
  MONTH TO DATE  727                       481    246      416
  SINCE MAR 1   2087                      1479    608     1328
  SINCE JUL 1   8879                      7599   1280     7327

 COOLING
  YESTERDAY        0                         0      0        0
  MONTH TO DATE    0                         0      0        0
  SINCE MAR 1      0                         0      0        0
  SINCE JAN 1      0                         0      0        0
..................................................................


WIND (MPH)
  HIGHEST WIND SPEED    17   HIGHEST WIND DIRECTION     W (260)
  HIGHEST GUST SPEED    28   HIGHEST GUST DIRECTION     W (260)
  AVERAGE WIND SPEED     8.5


SKY COVER
  AVERAGE SKY COVER 0.1


WEATHER CONDITIONS
 THE FOLLOWING WEATHER WAS RECORDED YESTERDAY.
  NO SIGNIFICANT WEATHER WAS OBSERVED.


RELATIVE HUMIDITY (PERCENT)
 HIGHEST    78           500 AM
 LOWEST     23           200 PM
 AVERAGE    51

..........................................................


THE HAVRE MT CLIMATE NORMALS FOR TODAY
                         NORMAL    RECORD    YEAR
 MAXIMUM TEMPERATURE (F)   61        89      2012
 MINIMUM TEMPERATURE (F)   33        -4      1967


SUNRISE AND SUNSET
APRIL 23 2018.........SUNRISE   613 AM MDT   SUNSET   822 PM MDT
APRIL 24 2018.........SUNRISE   612 AM MDT   SUNSET   824 PM MDT


-  INDICATES NEGATIVE NUMBERS.
R  INDICATES RECORD WAS SET OR TIED.
MM INDICATES DATA IS MISSING.
T  INDICATES TRACE AMOUNT.




$$
