000
CDUS43 KUNR 200831
CLIIEN


CLIMATE REPORT
NATIONAL WEATHER SERVICE RAPID CITY SD
231 AM MDT FRI APR 20 2018


...................................

...THE PINE RIDGE SD CLIMATE SUMMARY FOR APRIL 19 2018...

CLIMATE NORMAL PERIOD 1981 TO 2010
CLIMATE RECORD PERIOD 9999 TO 9999


WEATHER ITEM   OBSERVED TIME   NORMAL DEPARTURE LAST
                VALUE   (LST)  VALUE  FROM      YEAR
                                      NORMAL
......................................................
TEMPERATURE (F)
 YESTERDAY
  MAXIMUM         62    302 PM  61      1       61
  MINIMUM         26    357 AM  32     -6       38
  AVERAGE         44            46     -2       50

PRECIPITATION (IN)
  YESTERDAY        0.00          0.08  -0.08     0.70
  MONTH TO DATE    1.20          1.12   0.08     1.48
  SINCE MAR 1      2.49          1.99   0.50     3.33
  SINCE JAN 1      3.52          2.78   0.74     4.47

DEGREE DAYS
 HEATING
  YESTERDAY       21            19      2       15
  MONTH TO DATE  537           400    137      287
  SINCE MAR 1   1391          1288    103      978
  SINCE JUL 1   6695          6638     57     6144

 COOLING
  YESTERDAY        0             0      0        0
  MONTH TO DATE    0             0      0        1
  SINCE MAR 1      0             0      0        1
  SINCE JAN 1      0             0      0        1
......................................................


WIND (MPH)
  HIGHEST WIND SPEED    21   HIGHEST WIND DIRECTION    SE (140)
  HIGHEST GUST SPEED    30   HIGHEST GUST DIRECTION    SE (130)
  AVERAGE WIND SPEED    10.0


SKY COVER
  AVERAGE SKY COVER 0.0


WEATHER CONDITIONS
 THE FOLLOWING WEATHER WAS RECORDED YESTERDAY.
  NO SIGNIFICANT WEATHER WAS OBSERVED.


RELATIVE HUMIDITY (PERCENT)
 HIGHEST   100           100 AM
 LOWEST     29           300 PM
 AVERAGE    65

..........................................................




SUNRISE AND SUNSET
APRIL 20 2018.........SUNRISE   600 AM MDT   SUNSET   739 PM MDT
APRIL 21 2018.........SUNRISE   559 AM MDT   SUNSET   740 PM MDT


-  INDICATES NEGATIVE NUMBERS.
R  INDICATES RECORD WAS SET OR TIED.
MM INDICATES DATA IS MISSING.
T  INDICATES TRACE AMOUNT.




$$
