000
CDHW43 PHFO 270228
CLIITO


CLIMATE REPORT
NATIONAL WEATHER SERVICE HONOLULU HI
427 PM HST THU APR 26 2018


...................................

...THE HILO HI CLIMATE SUMMARY FOR APRIL 26 2018...
VALID TODAY AS OF 0400 PM LOCAL TIME.

CLIMATE NORMAL PERIOD 1981 TO 2010
CLIMATE RECORD PERIOD 1946 TO 2018


WEATHER ITEM   OBSERVED TIME   RECORD YEAR NORMAL DEPARTURE LAST
                VALUE   (LST)  VALUE       VALUE  FROM      YEAR
                                                  NORMAL
..................................................................
TEMPERATURE (F)
 TODAY
  MAXIMUM         76    303 PM  86    1977  79     -3       83
                                      1962
  MINIMUM         67    556 AM  59    2009  66      1       66
  AVERAGE         72                        73     -1       75

PRECIPITATION (IN)
  TODAY            1.32          3.13 1963   0.34   0.98     0.02
  MONTH TO DATE   11.83                     10.25   1.58     4.18
  SINCE MAR 1     22.76                     23.68  -0.92     7.58
  SINCE JAN 1     52.84                     42.50  10.34    26.07

SNOWFALL (IN)
  TODAY            0.0
  MONTH TO DATE    0.0
  SINCE MAR 1      0.0
  SINCE JUL 1      0.0
  SNOW DEPTH      MM

DEGREE DAYS
 HEATING
  TODAY            0                         0      0        0
  MONTH TO DATE    0                         0      0        0
  SINCE MAR 1      0                         0      0        0
  SINCE JUL 1      0                         0      0        0

 COOLING
  TODAY            7                         7      0       10
  MONTH TO DATE  264                       182     82      243
  SINCE MAR 1    550                       393    157      545
  SINCE JAN 1   1058                       763    295      954
..................................................................


WIND (MPH)
  HIGHEST WIND SPEED    16   HIGHEST WIND DIRECTION    SE (140)
  HIGHEST GUST SPEED    21   HIGHEST GUST DIRECTION    SE (130)
  AVERAGE WIND SPEED    MM


SKY COVER
  POSSIBLE SUNSHINE  MM
  AVERAGE SKY COVER  MM


WEATHER CONDITIONS
 THE FOLLOWING WEATHER WAS RECORDED TODAY.
  FOG
  HAZE


RELATIVE HUMIDITY (PERCENT)
 HIGHEST    MM
 LOWEST     MM
 AVERAGE    MM

..........................................................


THE HILO HI CLIMATE NORMALS FOR TOMORROW
                         NORMAL    RECORD    YEAR
 MAXIMUM TEMPERATURE (F)   79        86      1977
                                             1968
 MINIMUM TEMPERATURE (F)   66        61      2009
                                             1955


SUNRISE AND SUNSET
APRIL 26 2018.........SUNRISE   554 AM HST   SUNSET   642 PM HST
APRIL 27 2018.........SUNRISE   554 AM HST   SUNSET   642 PM HST


-  INDICATES NEGATIVE NUMBERS.
R  INDICATES RECORD WAS SET OR TIED.
MM INDICATES DATA IS MISSING.
T  INDICATES TRACE AMOUNT.




$$
