330
CDUS43 KGLD 260134
CLIITR

CLIMATE REPORT
NATIONAL WEATHER SERVICE GOODLAND
731 PM MDT WED APR 25 2018
...................................

...THE BURLINGTON CO CLIMATE SUMMARY FOR APRIL 25 2018...
VALID TODAY AS OF 0600 PM LOCAL TIME.

CLIMATE NORMAL PERIOD 1981 TO 2010
CLIMATE RECORD PERIOD 1896 TO 2018

WEATHER ITEM   OBSERVED TIME   RECORD YEAR NORMAL DEPARTURE LAST
                VALUE   (LST)  VALUE       VALUE  FROM      YEAR
                                                  NORMAL
..................................................................
TEMPERATURE (F)
 TODAY
  MAXIMUM         61    428 PM  95    2012  65     -4       60
  MINIMUM         26    502 AM  19    1924  37    -11       38
  AVERAGE         44                        51     -7       49

PRECIPITATION (IN)
  TODAY            0.00                      0.06  -0.06     0.62
  MONTH TO DATE    1.71                      1.13   0.58     2.21
  SINCE MAR 1      2.02                      2.02   0.00     5.14
  SINCE JAN 1      3.58                      2.82   0.76     5.70

..................................................................

THE BURLINGTON CO CLIMATE NORMALS FOR TOMORROW
                         NORMAL    RECORD    YEAR
 MAXIMUM TEMPERATURE (F)   65        89      1981
 MINIMUM TEMPERATURE (F)   37        20      1924

-  INDICATES NEGATIVE NUMBERS.
R  INDICATES RECORD WAS SET OR TIED.
MM INDICATES DATA IS MISSING.
T  INDICATES TRACE AMOUNT.

$$
