000
CDUS44 KMEG 252149
CLIJBR


CLIMATE REPORT
NATIONAL WEATHER SERVICE MEMPHIS TN
449 PM CDT FRI MAY 25 2018


...................................

...THE JONESBORO CLIMATE SUMMARY FOR MAY 25 2018...
VALID TODAY AS OF 0400 PM LOCAL TIME.

CLIMATE NORMAL PERIOD 1981 TO 2010
CLIMATE RECORD PERIOD 1897 TO 2018


WEATHER ITEM   OBSERVED TIME   RECORD YEAR NORMAL DEPARTURE LAST
                VALUE   (LST)  VALUE       VALUE  FROM      YEAR
                                                  NORMAL
..................................................................
TEMPERATURE (F)
 TODAY
  MAXIMUM         89    113 PM  98    1911  83      6       79
  MINIMUM         69    531 AM  34    1897  61      8       52
  AVERAGE         79                        72      7       66

PRECIPITATION (IN)
  TODAY            0.20          1.78 1946   0.11   0.09     0.00
  MONTH TO DATE    4.57                      4.00   0.57     4.87
  SINCE MAR 1     14.03                     13.52   0.51    19.82
  SINCE JAN 1     30.68                     20.67  10.01    25.43

DEGREE DAYS
 HEATING
  TODAY            0                         0      0        0
  MONTH TO DATE    0                        35    -35       37
  SINCE MAR 1    737                       694     43      495
  SINCE JUL 1   3520                      3650   -130     2628

 COOLING
  TODAY           14                         7      7        1
  MONTH TO DATE  273                       115    158      102
  SINCE MAR 1    284                       162    122      172
  SINCE JAN 1    289                       162    127      176
..................................................................


WIND (MPH)
  HIGHEST WIND SPEED    28   HIGHEST WIND DIRECTION     W (280)
  HIGHEST GUST SPEED    38   HIGHEST GUST DIRECTION    NW (310)
  AVERAGE WIND SPEED     3.9


SKY COVER
  POSSIBLE SUNSHINE  MM
  AVERAGE SKY COVER 0.1


WEATHER CONDITIONS
 THE FOLLOWING WEATHER WAS RECORDED TODAY.
  THUNDERSTORM
  HEAVY RAIN
  LIGHT RAIN
  FOG


RELATIVE HUMIDITY (PERCENT)
 HIGHEST   100          1200 AM
 LOWEST     59           100 PM
 AVERAGE    80

..........................................................


THE JONESBORO CLIMATE NORMALS FOR TOMORROW
                         NORMAL    RECORD    YEAR
 MAXIMUM TEMPERATURE (F)   83       100      1911
 MINIMUM TEMPERATURE (F)   61        33      1897


SUNRISE AND SUNSET
MAY 25 2018...........SUNRISE   551 AM CDT   SUNSET   809 PM CDT
MAY 26 2018...........SUNRISE   550 AM CDT   SUNSET   810 PM CDT


-  INDICATES NEGATIVE NUMBERS.
R  INDICATES RECORD WAS SET OR TIED.
MM INDICATES DATA IS MISSING.
T  INDICATES TRACE AMOUNT.




$$
