000
CDUS43 KBIS 240731
CLIJMS


CLIMATE REPORT
NATIONAL WEATHER SERVICE BISMARCK ND
231 AM CDT TUE APR 24 2018


...................................

...THE JAMESTOWN ND CLIMATE SUMMARY FOR APRIL 23 2018...

CLIMATE NORMAL PERIOD 1981 TO 2010
CLIMATE RECORD PERIOD 1891 TO 2018


WEATHER ITEM   OBSERVED TIME   RECORD YEAR NORMAL DEPARTURE LAST
                VALUE   (LST)  VALUE       VALUE  FROM      YEAR
                                                  NORMAL
..................................................................
TEMPERATURE (F)
 YESTERDAY
  MAXIMUM         66    326 PM  89    1990  59      7       36
  MINIMUM         36    539 AM  13    1902  33      3       28
  AVERAGE         51                        46      5       32

PRECIPITATION (IN)
  YESTERDAY        0.00          2.10 1932   0.04  -0.04      T
  MONTH TO DATE    0.02                      0.79  -0.77     1.27
  SINCE MAR 1      0.55                      1.63  -1.08     1.35
  SINCE JAN 1      0.68                      2.48  -1.80     1.77

DEGREE DAYS
 HEATING
  YESTERDAY       14                        19     -5       33
  MONTH TO DATE  825                       558    267      460
  SINCE MAR 1   2058                      1719    339     1615
  SINCE JUL 1   8769                      8478    291     7624

 COOLING
  YESTERDAY        0                         0      0        0
  MONTH TO DATE    0                         0      0        0
  SINCE MAR 1      0                         0      0        0
  SINCE JAN 1      0                         0      0        0
..................................................................


WIND (MPH)
  HIGHEST WIND SPEED    17   HIGHEST WIND DIRECTION     N (20)
  HIGHEST GUST SPEED    22   HIGHEST GUST DIRECTION     E (80)
  AVERAGE WIND SPEED     9.7


SKY COVER
  POSSIBLE SUNSHINE  MM
  AVERAGE SKY COVER 0.3


WEATHER CONDITIONS
 THE FOLLOWING WEATHER WAS RECORDED YESTERDAY.
  HAZE


RELATIVE HUMIDITY (PERCENT)
 HIGHEST    85           500 AM
 LOWEST     36           500 PM
 AVERAGE    61

..........................................................


THE JAMESTOWN ND CLIMATE NORMALS FOR TODAY
                         NORMAL    RECORD    YEAR
 MAXIMUM TEMPERATURE (F)   60        88      1962
 MINIMUM TEMPERATURE (F)   34        16      1909


SUNRISE AND SUNSET
APRIL 24 2018.........SUNRISE   631 AM CDT   SUNSET   836 PM CDT
APRIL 25 2018.........SUNRISE   629 AM CDT   SUNSET   837 PM CDT


-  INDICATES NEGATIVE NUMBERS.
R  INDICATES RECORD WAS SET OR TIED.
MM INDICATES DATA IS MISSING.
T  INDICATES TRACE AMOUNT.




$$
