000
CDUS43 KIND 220534
CLILAF


CLIMATE REPORT
NATIONAL WEATHER SERVICE INDIANAPOLIS IN
133 AM EDT TUE MAY 22 2018


...................................

...THE LAFAYETTE IN CLIMATE SUMMARY FOR MAY 21 2018...

CLIMATE NORMAL PERIOD 1981 TO 2010
CLIMATE RECORD PERIOD 9999 TO 9999


WEATHER ITEM   OBSERVED TIME   NORMAL DEPARTURE LAST
                VALUE   (LST)  VALUE  FROM      YEAR
                                      NORMAL
......................................................
TEMPERATURE (F)
 YESTERDAY
  MAXIMUM         78    500 PM  75      3       69
  MINIMUM         59   1240 AM  52      7       49
  AVERAGE         69            64      5       59

PRECIPITATION (IN)
  YESTERDAY        0.02          0.14  -0.12      T
  MONTH TO DATE    2.13          2.79  -0.66     6.61
  SINCE MAR 1      8.13          9.00  -0.87    14.88
  SINCE JAN 1     14.31         12.62   1.69    19.78

DEGREE DAYS
 HEATING
  YESTERDAY        0             4     -4        6
  MONTH TO DATE   15           130   -115      180
  SINCE MAR 1   1520          1286    234     1185
  SINCE JUL 1   5946          5620    326     4873

 COOLING
  YESTERDAY        4             3      1        0
  MONTH TO DATE   56            32     24       36
  SINCE MAR 1     58            45     13       50
  SINCE JAN 1     58            45     13       50
......................................................


WIND (MPH)
  HIGHEST WIND SPEED    14   HIGHEST WIND DIRECTION     E (90)
  HIGHEST GUST SPEED    17   HIGHEST GUST DIRECTION     E (100)
  AVERAGE WIND SPEED     5.1


SKY COVER
  AVERAGE SKY COVER 0.6


WEATHER CONDITIONS
 THE FOLLOWING WEATHER WAS RECORDED YESTERDAY.
  LIGHT RAIN
  FOG
  HAZE


RELATIVE HUMIDITY (PERCENT)
 HIGHEST   100           200 AM
 LOWEST     64           500 PM
 AVERAGE    82

..........................................................


THE LAFAYETTE IN CLIMATE NORMALS FOR TODAY
                         NORMAL
 MAXIMUM TEMPERATURE (F)   75
 MINIMUM TEMPERATURE (F)   53


SUNRISE AND SUNSET
MAY 22 2018...........SUNRISE   626 AM EDT   SUNSET   904 PM EDT
MAY 23 2018...........SUNRISE   625 AM EDT   SUNSET   905 PM EDT


-  INDICATES NEGATIVE NUMBERS.
R  INDICATES RECORD WAS SET OR TIED.
MM INDICATES DATA IS MISSING.
T  INDICATES TRACE AMOUNT.




$$
