000
CDUS46 KLOX 230915
CLILAX


CLIMATE REPORT
NATIONAL WEATHER SERVICE LOS ANGELES/OXNARD CA
215 AM PDT WED MAY 23 2018


...................................

...THE LOS ANGELES INTL AIRPORT CA CLIMATE SUMMARY FOR MAY 22 2018...

CLIMATE NORMAL PERIOD 1981 TO 2010
CLIMATE RECORD PERIOD 1944 TO 2018


WEATHER ITEM   OBSERVED TIME   RECORD YEAR NORMAL DEPARTURE LAST
                VALUE   (LST)  VALUE       VALUE  FROM      YEAR
                                                  NORMAL
..................................................................
TEMPERATURE (F)
 YESTERDAY
  MAXIMUM         67    221 PM  76    1967  68     -1       69
                                      1962
                                      1958
  MINIMUM         59   1115 PM  49    1948  58      1       59
  AVERAGE         63                        63      0       64

PRECIPITATION (IN)
  YESTERDAY        0.00          0.46 2006   0.01  -0.01     0.00
  MONTH TO DATE    0.06                      0.18  -0.12     0.13
  SINCE OCT 1      3.79                     12.41  -8.62    16.32
  SINCE JAN 1      3.68                      8.69  -5.01    12.07

SNOWFALL (IN)
  YESTERDAY        0.0
  MONTH TO DATE    0.0
  SINCE MAR 1      0.0
  SINCE JUL 1      0.0

DEGREE DAYS
 HEATING
  YESTERDAY        2                         2      0        1
  MONTH TO DATE   48                        68    -20       57
  SINCE MAR 1    338                       447   -109      236
  SINCE JUL 1    787                      1376   -589     1009

 COOLING
  YESTERDAY        0                         0      0        0
  MONTH TO DATE    3                         4     -1       22
  SINCE MAR 1     22                        21      1       57
  SINCE JAN 1     53                        30     23       57
..................................................................


WIND (MPH)
  HIGHEST WIND SPEED    17   HIGHEST WIND DIRECTION     W (250)
  HIGHEST GUST SPEED    20   HIGHEST GUST DIRECTION     W (250)
  AVERAGE WIND SPEED     8.1


SKY COVER
  POSSIBLE SUNSHINE  MM
  AVERAGE SKY COVER 0.7


WEATHER CONDITIONS
 THE FOLLOWING WEATHER WAS RECORDED YESTERDAY.
  NO SIGNIFICANT WEATHER WAS OBSERVED.


RELATIVE HUMIDITY (PERCENT)
 HIGHEST    78          1200 AM
 LOWEST     63          1100 AM
 AVERAGE    71

..........................................................


THE LOS ANGELES INTL AIRPORT CA CLIMATE NORMALS FOR TODAY
                         NORMAL    RECORD    YEAR
 MAXIMUM TEMPERATURE (F)   68        81      1949
 MINIMUM TEMPERATURE (F)   58        49      1960


SUNRISE AND SUNSET
MAY 23 2018...........SUNRISE   547 AM PDT   SUNSET   754 PM PDT
MAY 24 2018...........SUNRISE   547 AM PDT   SUNSET   755 PM PDT


-  INDICATES NEGATIVE NUMBERS.
R  INDICATES RECORD WAS SET OR TIED.
MM INDICATES DATA IS MISSING.
T  INDICATES TRACE AMOUNT.




$$
