000
CDUS44 KLUB 250628
CLILBB


CLIMATE REPORT
NATIONAL WEATHER SERVICE LUBBOCK, TX
126 AM CDT FRI MAY 25 2018


...................................

...THE LUBBOCK CLIMATE SUMMARY FOR MAY 24 2018...

CLIMATE NORMAL PERIOD 1981 TO 2010
CLIMATE RECORD PERIOD 1911 TO 2018


WEATHER ITEM   OBSERVED TIME   RECORD YEAR NORMAL DEPARTURE LAST
                VALUE   (LST)  VALUE       VALUE  FROM      YEAR
                                                  NORMAL
..................................................................
TEMPERATURE (F)
 YESTERDAY
  MAXIMUM         90    446 PM 109    2000  86      4       89
  MINIMUM         64    615 AM  40    1930  58      6       46
  AVERAGE         77                        72      5       68

PRECIPITATION (IN)
  YESTERDAY        T             2.18 1937   0.09  -0.09     0.00
  MONTH TO DATE    1.26                      1.65  -0.39     0.58
  SINCE MAR 1      2.16                      4.16  -2.00     2.57
  SINCE JAN 1      2.36                      5.56  -3.20     5.49

SNOWFALL (IN)
  YESTERDAY        0.0                       0.0    0.0      0.0
  MONTH TO DATE    0.0                       0.0    0.0      0.0
  SINCE MAR 1      0.0                       0.8   -0.8       T
  SINCE JUL 1      0.3                       8.2   -7.9      0.2
  SNOW DEPTH       0

DEGREE DAYS
 HEATING
  YESTERDAY        0                         1     -1        0
  MONTH TO DATE    0                        37    -37       23
  SINCE MAR 1    493                       635   -142      384
  SINCE JUL 1   3014                      3374   -360     2468

 COOLING
  YESTERDAY       12                         8      4        3
  MONTH TO DATE  272                       129    143      103
  SINCE MAR 1    352                       185    167      228
  SINCE JAN 1    355                       185    170      232
..................................................................


WIND (MPH)
  RESULTANT WIND SPEED   8   RESULTANT WIND DIRECTION   S (170)
  HIGHEST WIND SPEED    21   HIGHEST WIND DIRECTION     S (190)
  HIGHEST GUST SPEED    25   HIGHEST GUST DIRECTION    SW (220)
  AVERAGE WIND SPEED    12.0


SKY COVER
  AVERAGE SKY COVER 0.2


WEATHER CONDITIONS
 THE FOLLOWING WEATHER WAS RECORDED YESTERDAY.
  THUNDERSTORM
  LIGHT RAIN


RELATIVE HUMIDITY (PERCENT)
 HIGHEST    84           600 AM
 LOWEST     29           700 PM
 AVERAGE    57

..........................................................


THE LUBBOCK CLIMATE NORMALS FOR TODAY
                         NORMAL    RECORD    YEAR
 MAXIMUM TEMPERATURE (F)   86       102      2017
                                             2012
 MINIMUM TEMPERATURE (F)   59        44      1924


SUNRISE AND SUNSET
MAY 25 2018...........SUNRISE   641 AM CDT   SUNSET   848 PM CDT
MAY 26 2018...........SUNRISE   640 AM CDT   SUNSET   849 PM CDT


-  INDICATES NEGATIVE NUMBERS.
R  INDICATES RECORD WAS SET OR TIED.
MM INDICATES DATA IS MISSING.
T  INDICATES TRACE AMOUNT.




$$
