000
CDUS43 KLBF 250945
CLILBF


CLIMATE REPORT
NATIONAL WEATHER SERVICE NORTH PLATTE
443 AM CDT FRI MAY 25 2018


...................................

...THE NORTH PLATTE NE CLIMATE SUMMARY FOR MAY 24 2018...

CLIMATE NORMAL PERIOD 1981 TO 2010
CLIMATE RECORD PERIOD 1874 TO 2018


WEATHER ITEM   OBSERVED TIME   RECORD YEAR NORMAL DEPARTURE LAST
                VALUE   (LST)  VALUE       VALUE  FROM      YEAR
                                                  NORMAL
..................................................................
TEMPERATURE (F)
 YESTERDAY
  MAXIMUM         86    501 PM  97    1953  74     12       71
  MINIMUM         59   1154 PM  30    2017  47     12       30
  AVERAGE         73                        60     13       51

PRECIPITATION (IN)
  YESTERDAY        0.00          2.25 1881   0.12  -0.12     0.00
  MONTH TO DATE    5.65                      2.43   3.22     3.17
  SINCE MAR 1      7.82                      5.75   2.07     7.22
  SINCE JAN 1      9.72                      6.59   3.13     8.41

SNOWFALL (IN)
  YESTERDAY        0.0           T    2002   0.0    0.0      0.0
  MONTH TO DATE    0.0                       0.0    0.0       T
  SINCE MAR 1     12.6                       7.6    5.0      1.0
  SINCE JUL 1     49.1                      28.5   20.6     21.3
  SNOW DEPTH       0

DEGREE DAYS
 HEATING
  YESTERDAY        0                         6     -6       14
  MONTH TO DATE  112                       211    -99      233
  SINCE MAR 1   1548                      1573    -25     1305
  SINCE JUL 1   6574                      6601    -27     5627

 COOLING
  YESTERDAY        8                         1      7        0
  MONTH TO DATE   35                        14     21       15
  SINCE MAR 1     42                        17     25       17
  SINCE JAN 1     42                        17     25       17
..................................................................


WIND (MPH)
  HIGHEST WIND SPEED    15   HIGHEST WIND DIRECTION    SE (140)
  HIGHEST GUST SPEED    20   HIGHEST GUST DIRECTION     E (70)
  AVERAGE WIND SPEED     5.5


SKY COVER
  POSSIBLE SUNSHINE  MM
  AVERAGE SKY COVER 0.1


WEATHER CONDITIONS
 THE FOLLOWING WEATHER WAS RECORDED YESTERDAY.
  NO SIGNIFICANT WEATHER WAS OBSERVED.


RELATIVE HUMIDITY (PERCENT)
 HIGHEST    97           600 AM
 LOWEST     48           400 PM
 AVERAGE    73

..........................................................


THE NORTH PLATTE NE CLIMATE NORMALS FOR TODAY
                         NORMAL    RECORD    YEAR
 MAXIMUM TEMPERATURE (F)   74        96      1967
 MINIMUM TEMPERATURE (F)   47        30      2002


SUNRISE AND SUNSET
MAY 25 2018...........SUNRISE   616 AM CDT   SUNSET   903 PM CDT
MAY 26 2018...........SUNRISE   616 AM CDT   SUNSET   904 PM CDT


-  INDICATES NEGATIVE NUMBERS.
R  INDICATES RECORD WAS SET OR TIED.
MM INDICATES DATA IS MISSING.
T  INDICATES TRACE AMOUNT.




$$
